Last updated on 2019-04-22 01:47:32 CEST.
Flavor | Version | Tinstall | Tcheck | Ttotal | Status | Flags |
---|---|---|---|---|---|---|
r-devel-linux-x86_64-debian-clang | 1.0-3 | 33.40 | 187.70 | 221.10 | OK | |
r-devel-linux-x86_64-debian-gcc | 1.0-3 | 27.89 | 138.63 | 166.52 | OK | |
r-devel-linux-x86_64-fedora-clang | 1.0-3 | 254.00 | NOTE | |||
r-devel-linux-x86_64-fedora-gcc | 1.0-3 | 247.62 | NOTE | |||
r-devel-windows-ix86+x86_64 | 1.0-3 | 74.00 | 213.00 | 287.00 | OK | |
r-patched-linux-x86_64 | 1.0-3 | 29.21 | 179.79 | 209.00 | OK | |
r-patched-solaris-x86 | 1.0-3 | 363.40 | NOTE | |||
r-release-linux-x86_64 | 1.0-3 | 23.92 | 172.73 | 196.65 | OK | |
r-release-windows-ix86+x86_64 | 1.0-3 | 42.00 | 270.00 | 312.00 | OK | |
r-release-osx-x86_64 | 1.0-3 | NOTE | ||||
r-oldrel-windows-ix86+x86_64 | 1.0-3 | 33.00 | 266.00 | 299.00 | OK | |
r-oldrel-osx-x86_64 | 1.0-3 | NOTE |
Version: 1.0-3
Check: dependencies in R code
Result: NOTE
Namespace in Imports field not imported from: ‘grDevices’
All declared Imports should be used.
Flavors: r-devel-linux-x86_64-fedora-clang, r-devel-linux-x86_64-fedora-gcc, r-patched-solaris-x86, r-release-osx-x86_64, r-oldrel-osx-x86_64