CRAN Package Check Results for Package clue

Last updated on 2019-04-22 01:47:33 CEST.

Flavor Version Tinstall Tcheck Ttotal Status Flags
r-devel-linux-x86_64-debian-clang 0.3-57 9.81 64.52 74.33 OK
r-devel-linux-x86_64-debian-gcc 0.3-57 6.99 50.17 57.16 OK
r-devel-linux-x86_64-fedora-clang 0.3-57 86.66 OK
r-devel-linux-x86_64-fedora-gcc 0.3-57 82.46 OK
r-devel-windows-ix86+x86_64 0.3-57 31.00 102.00 133.00 OK
r-patched-linux-x86_64 0.3-57 9.33 63.99 73.32 OK
r-patched-solaris-x86 0.3-57 127.60 NOTE
r-release-linux-x86_64 0.3-57 6.92 58.26 65.18 OK
r-release-windows-ix86+x86_64 0.3-57 32.00 124.00 156.00 OK
r-release-osx-x86_64 0.3-57 OK
r-oldrel-windows-ix86+x86_64 0.3-57 13.00 130.00 143.00 OK
r-oldrel-osx-x86_64 0.3-57 OK

Check Details

Version: 0.3-57
Check: package dependencies
Result: NOTE
    Package which this enhances but not available for checking: ‘RWeka’
Flavor: r-patched-solaris-x86