CRAN Package Check Results for Package cocktailApp

Last updated on 2019-04-22 01:47:33 CEST.

Flavor Version Tinstall Tcheck Ttotal Status Flags
r-devel-linux-x86_64-debian-clang 0.2.0 4.62 68.20 72.82 OK
r-devel-linux-x86_64-debian-gcc 0.2.0 3.72 51.26 54.98 OK
r-devel-linux-x86_64-fedora-clang 0.2.0 86.11 NOTE
r-devel-linux-x86_64-fedora-gcc 0.2.0 82.09 NOTE
r-devel-windows-ix86+x86_64 0.2.0 18.00 81.00 99.00 OK
r-patched-linux-x86_64 0.2.0 4.81 66.24 71.05 OK
r-patched-solaris-x86 0.2.0 123.20 NOTE
r-release-linux-x86_64 0.2.0 3.84 68.97 72.81 OK
r-release-windows-ix86+x86_64 0.2.0 8.00 87.00 95.00 OK
r-release-osx-x86_64 0.2.0 NOTE
r-oldrel-windows-ix86+x86_64 0.2.0 13.00 171.00 184.00 OK
r-oldrel-osx-x86_64 0.2.0 NOTE

Check Details

Version: 0.2.0
Check: data for non-ASCII characters
Result: NOTE
     Note: found 14661 marked UTF-8 strings
Flavors: r-devel-linux-x86_64-fedora-clang, r-devel-linux-x86_64-fedora-gcc, r-patched-solaris-x86, r-release-osx-x86_64, r-oldrel-osx-x86_64