Last updated on 2019-04-22 01:47:33 CEST.
Flavor | Version | Tinstall | Tcheck | Ttotal | Status | Flags |
---|---|---|---|---|---|---|
r-devel-linux-x86_64-debian-clang | 1.0-1 | 2.10 | 23.73 | 25.83 | NOTE | |
r-devel-linux-x86_64-debian-gcc | 1.0-1 | 1.99 | 19.27 | 21.26 | NOTE | |
r-devel-linux-x86_64-fedora-clang | 1.0-1 | 31.14 | NOTE | |||
r-devel-linux-x86_64-fedora-gcc | 1.0-1 | 30.12 | NOTE | |||
r-devel-windows-ix86+x86_64 | 1.0-1 | 7.00 | 34.00 | 41.00 | NOTE | |
r-patched-linux-x86_64 | 1.0-1 | 2.19 | 23.75 | 25.94 | NOTE | |
r-patched-solaris-x86 | 1.0-1 | 48.10 | NOTE | |||
r-release-linux-x86_64 | 1.0-1 | 1.64 | 22.09 | 23.73 | NOTE | |
r-release-windows-ix86+x86_64 | 1.0-1 | 4.00 | 46.00 | 50.00 | NOTE | |
r-release-osx-x86_64 | 1.0-1 | NOTE | ||||
r-oldrel-windows-ix86+x86_64 | 1.0-1 | 3.00 | 46.00 | 49.00 | NOTE | |
r-oldrel-osx-x86_64 | 1.0-1 | NOTE |
Version: 1.0-1
Check: package dependencies
Result: NOTE
Package which this enhances but not available for checking: 'rkward'
Flavors: r-devel-linux-x86_64-debian-clang, r-devel-linux-x86_64-debian-gcc, r-devel-linux-x86_64-fedora-clang, r-devel-linux-x86_64-fedora-gcc, r-devel-windows-ix86+x86_64, r-patched-linux-x86_64, r-patched-solaris-x86, r-release-linux-x86_64, r-release-windows-ix86+x86_64, r-release-osx-x86_64, r-oldrel-windows-ix86+x86_64, r-oldrel-osx-x86_64