CRAN Package Check Results for Package combinat

Last updated on 2019-04-22 01:47:33 CEST.

Flavor Version Tinstall Tcheck Ttotal Status Flags
r-devel-linux-x86_64-debian-clang 0.0-8 1.59 17.64 19.23 NOTE
r-devel-linux-x86_64-debian-gcc 0.0-8 1.41 14.33 15.74 NOTE
r-devel-linux-x86_64-fedora-clang 0.0-8 23.39 NOTE
r-devel-linux-x86_64-fedora-gcc 0.0-8 22.12 NOTE
r-devel-windows-ix86+x86_64 0.0-8 5.00 26.00 31.00 NOTE
r-patched-linux-x86_64 0.0-8 1.82 17.85 19.67 NOTE
r-patched-solaris-x86 0.0-8 35.50 NOTE
r-release-linux-x86_64 0.0-8 1.02 16.75 17.77 NOTE
r-release-windows-ix86+x86_64 0.0-8 3.00 26.00 29.00 NOTE
r-release-osx-x86_64 0.0-8 NOTE
r-oldrel-windows-ix86+x86_64 0.0-8 3.00 26.00 29.00 NOTE
r-oldrel-osx-x86_64 0.0-8 NOTE

Check Details

Version: 0.0-8
Check: DESCRIPTION meta-information
Result: NOTE
    Malformed Description field: should contain one or more complete sentences.
Flavors: r-devel-linux-x86_64-debian-clang, r-devel-linux-x86_64-debian-gcc, r-devel-linux-x86_64-fedora-clang, r-devel-linux-x86_64-fedora-gcc, r-devel-windows-ix86+x86_64, r-patched-linux-x86_64, r-patched-solaris-x86, r-release-linux-x86_64, r-release-windows-ix86+x86_64, r-release-osx-x86_64, r-oldrel-windows-ix86+x86_64, r-oldrel-osx-x86_64