Last updated on 2019-04-22 01:47:34 CEST.
Flavor | Version | Tinstall | Tcheck | Ttotal | Status | Flags |
---|---|---|---|---|---|---|
r-devel-linux-x86_64-debian-clang | 4.0.0 | 21.83 | 209.57 | 231.40 | OK | |
r-devel-linux-x86_64-debian-gcc | 4.0.0 | 19.42 | 158.90 | 178.32 | OK | |
r-devel-linux-x86_64-fedora-clang | 4.0.0 | 285.88 | NOTE | |||
r-devel-linux-x86_64-fedora-gcc | 4.0.0 | OK | ||||
r-devel-windows-ix86+x86_64 | 4.0.0 | 63.00 | 246.00 | 309.00 | NOTE | |
r-patched-linux-x86_64 | 4.0.0 | 21.78 | 205.26 | 227.04 | OK | |
r-patched-solaris-x86 | 4.0.0 | 408.10 | NOTE | |||
r-release-linux-x86_64 | 4.0.0 | 16.13 | 220.20 | 236.33 | OK | |
r-release-windows-ix86+x86_64 | 4.0.0 | 33.00 | 245.00 | 278.00 | NOTE | |
r-release-osx-x86_64 | 4.0.0 | NOTE | ||||
r-oldrel-windows-ix86+x86_64 | 4.0.0 | 40.00 | 383.00 | 423.00 | NOTE | |
r-oldrel-osx-x86_64 | 4.0.0 | NOTE |
Version: 4.0.0
Check: installed package size
Result: NOTE
installed size is 7.0Mb
sub-directories of 1Mb or more:
app 2.7Mb
doc 2.3Mb
Flavors: r-devel-linux-x86_64-fedora-clang, r-devel-windows-ix86+x86_64, r-patched-solaris-x86, r-release-windows-ix86+x86_64, r-release-osx-x86_64, r-oldrel-windows-ix86+x86_64, r-oldrel-osx-x86_64