Last updated on 2019-04-22 01:47:34 CEST.
Flavor | Version | Tinstall | Tcheck | Ttotal | Status | Flags |
---|---|---|---|---|---|---|
r-devel-linux-x86_64-debian-clang | 0.21 | 9.71 | 91.42 | 101.13 | OK | |
r-devel-linux-x86_64-debian-gcc | 0.21 | 8.49 | 69.98 | 78.47 | OK | |
r-devel-linux-x86_64-fedora-clang | 0.21 | 117.72 | NOTE | |||
r-devel-linux-x86_64-fedora-gcc | 0.21 | 115.50 | NOTE | |||
r-devel-windows-ix86+x86_64 | 0.21 | 35.00 | 110.00 | 145.00 | OK | |
r-patched-linux-x86_64 | 0.21 | 9.42 | 86.55 | 95.97 | OK | |
r-patched-solaris-x86 | 0.21 | 180.20 | NOTE | |||
r-release-linux-x86_64 | 0.21 | 5.36 | 85.36 | 90.72 | OK | |
r-release-windows-ix86+x86_64 | 0.21 | 15.00 | 152.00 | 167.00 | OK | |
r-release-osx-x86_64 | 0.21 | NOTE | ||||
r-oldrel-windows-ix86+x86_64 | 0.21 | 25.00 | 150.00 | 175.00 | OK | |
r-oldrel-osx-x86_64 | 0.21 | NOTE |
Version: 0.21
Check: dependencies in R code
Result: NOTE
Namespaces in Imports field not imported from:
‘Hmisc’ ‘MASS’ ‘geepack’
All declared Imports should be used.
Flavors: r-devel-linux-x86_64-fedora-clang, r-devel-linux-x86_64-fedora-gcc, r-patched-solaris-x86, r-release-osx-x86_64, r-oldrel-osx-x86_64
Version: 0.21
Check: re-building of vignette outputs
Result: NOTE
Error in re-building vignettes:
...
Loading required package: SparseM
Attaching package: ‘SparseM’
The following object is masked from ‘package:base’:
backsolve
Error in texi2dvi(file = file, pdf = TRUE, clean = clean, quiet = quiet, :
Running 'texi2dvi' on 'contrast.tex' failed.
LaTeX errors:
! LaTeX Error: File `lastpage.sty' not found.
Type X to quit or <RETURN> to proceed,
or enter new name. (Default extension: sty)
! Emergency stop.
<read *>
l.13 \usepackage
{algorithm2e}^^M
! ==> Fatal error occurred, no output PDF file produced!
Calls: buildVignettes -> texi2pdf -> texi2dvi
Execution halted
Flavor: r-oldrel-osx-x86_64