Last updated on 2019-04-22 01:47:34 CEST.
Flavor | Version | Tinstall | Tcheck | Ttotal | Status | Flags |
---|---|---|---|---|---|---|
r-devel-linux-x86_64-debian-clang | 0.2.1 | 13.95 | 196.47 | 210.42 | NOTE | |
r-devel-linux-x86_64-debian-gcc | 0.2.1 | 11.41 | 146.21 | 157.62 | NOTE | |
r-devel-linux-x86_64-fedora-clang | 0.2.1 | 231.90 | NOTE | |||
r-devel-linux-x86_64-fedora-gcc | 0.2.1 | 245.12 | NOTE | |||
r-devel-windows-ix86+x86_64 | 0.2.1 | 28.00 | 197.00 | 225.00 | OK | |
r-patched-linux-x86_64 | 0.2.1 | 13.73 | 196.02 | 209.75 | NOTE | |
r-patched-solaris-x86 | 0.2.1 | 344.80 | NOTE | |||
r-release-linux-x86_64 | 0.2.1 | 11.94 | 176.38 | 188.32 | NOTE | |
r-release-windows-ix86+x86_64 | 0.2.1 | 15.00 | 248.00 | 263.00 | OK | |
r-release-osx-x86_64 | 0.2.1 | OK | ||||
r-oldrel-windows-ix86+x86_64 | 0.2.1 | 6.00 | 251.00 | 257.00 | OK | |
r-oldrel-osx-x86_64 | 0.2.1 | OK |
Version: 0.2.1
Check: package dependencies
Result: NOTE
Package suggested but not available for checking: 'MonetDBLite'
Flavors: r-devel-linux-x86_64-debian-clang, r-devel-linux-x86_64-debian-gcc, r-devel-linux-x86_64-fedora-clang, r-devel-linux-x86_64-fedora-gcc, r-patched-linux-x86_64, r-patched-solaris-x86, r-release-linux-x86_64