Last updated on 2019-04-22 01:47:34 CEST.
Flavor | Version | Tinstall | Tcheck | Ttotal | Status | Flags |
---|---|---|---|---|---|---|
r-devel-linux-x86_64-debian-clang | 0.3.0 | 3.31 | 36.19 | 39.50 | OK | |
r-devel-linux-x86_64-debian-gcc | 0.3.0 | 2.60 | 28.36 | 30.96 | OK | |
r-devel-linux-x86_64-fedora-clang | 0.3.0 | 49.16 | NOTE | |||
r-devel-linux-x86_64-fedora-gcc | 0.3.0 | NOTE | ||||
r-devel-windows-ix86+x86_64 | 0.3.0 | 13.00 | 53.00 | 66.00 | OK | |
r-patched-linux-x86_64 | 0.3.0 | 2.73 | 36.33 | 39.06 | OK | |
r-patched-solaris-x86 | 0.3.0 | 74.40 | NOTE | |||
r-release-linux-x86_64 | 0.3.0 | 2.40 | 35.01 | 37.41 | OK | |
r-release-windows-ix86+x86_64 | 0.3.0 | 6.00 | 74.00 | 80.00 | OK | |
r-release-osx-x86_64 | 0.3.0 | NOTE | ||||
r-oldrel-windows-ix86+x86_64 | 0.3.0 | 11.00 | 70.00 | 81.00 | OK | |
r-oldrel-osx-x86_64 | 0.3.0 | NOTE |
Version: 0.3.0
Check: dependencies in R code
Result: NOTE
Namespaces in Imports field not imported from:
‘profr’ ‘xtable’
All declared Imports should be used.
Flavors: r-devel-linux-x86_64-fedora-clang, r-devel-linux-x86_64-fedora-gcc, r-patched-solaris-x86, r-release-osx-x86_64, r-oldrel-osx-x86_64