CRAN Package Check Results for Package cshapes

Last updated on 2019-04-22 01:47:34 CEST.

Flavor Version Tinstall Tcheck Ttotal Status Flags
r-devel-linux-x86_64-debian-clang 0.6 3.64 36.26 39.90 OK
r-devel-linux-x86_64-debian-gcc 0.6 3.34 29.08 32.42 OK
r-devel-linux-x86_64-fedora-clang 0.6 47.32 NOTE
r-devel-linux-x86_64-fedora-gcc 0.6 45.28 OK
r-devel-windows-ix86+x86_64 0.6 18.00 69.00 87.00 NOTE
r-patched-linux-x86_64 0.6 3.12 35.83 38.95 OK
r-patched-solaris-x86 0.6 79.90 NOTE
r-release-linux-x86_64 0.6 3.15 34.62 37.77 OK
r-release-windows-ix86+x86_64 0.6 8.00 95.00 103.00 NOTE
r-release-osx-x86_64 0.6 NOTE
r-oldrel-windows-ix86+x86_64 0.6 8.00 90.00 98.00 NOTE
r-oldrel-osx-x86_64 0.6 NOTE

Check Details

Version: 0.6
Check: installed package size
Result: NOTE
     installed size is 7.9Mb
     sub-directories of 1Mb or more:
     shp 7.8Mb
Flavors: r-devel-linux-x86_64-fedora-clang, r-devel-windows-ix86+x86_64, r-patched-solaris-x86, r-release-windows-ix86+x86_64, r-release-osx-x86_64, r-oldrel-windows-ix86+x86_64, r-oldrel-osx-x86_64