Last updated on 2019-04-22 01:47:34 CEST.
Flavor | Version | Tinstall | Tcheck | Ttotal | Status | Flags |
---|---|---|---|---|---|---|
r-devel-linux-x86_64-debian-clang | 1.0 | 1.45 | 19.03 | 20.48 | NOTE | |
r-devel-linux-x86_64-debian-gcc | 1.0 | 1.16 | 15.36 | 16.52 | NOTE | |
r-devel-linux-x86_64-fedora-clang | 1.0 | 25.10 | NOTE | |||
r-devel-linux-x86_64-fedora-gcc | 1.0 | 24.27 | NOTE | |||
r-devel-windows-ix86+x86_64 | 1.0 | 6.00 | 31.00 | 37.00 | NOTE | |
r-patched-linux-x86_64 | 1.0 | 1.52 | 18.84 | 20.36 | NOTE | |
r-patched-solaris-x86 | 1.0 | 39.50 | NOTE | |||
r-release-linux-x86_64 | 1.0 | 0.76 | 19.04 | 19.80 | NOTE | |
r-release-windows-ix86+x86_64 | 1.0 | 3.00 | 38.00 | 41.00 | NOTE | |
r-release-osx-x86_64 | 1.0 | NOTE | ||||
r-oldrel-windows-ix86+x86_64 | 1.0 | 3.00 | 40.00 | 43.00 | NOTE | |
r-oldrel-osx-x86_64 | 1.0 | NOTE |
Version: 1.0
Check: DESCRIPTION meta-information
Result: NOTE
Malformed Title field: should not end in a period.
Flavors: r-devel-linux-x86_64-debian-clang, r-devel-linux-x86_64-debian-gcc, r-devel-linux-x86_64-fedora-clang, r-devel-linux-x86_64-fedora-gcc, r-devel-windows-ix86+x86_64, r-patched-linux-x86_64, r-patched-solaris-x86, r-release-linux-x86_64, r-release-windows-ix86+x86_64, r-release-osx-x86_64, r-oldrel-windows-ix86+x86_64, r-oldrel-osx-x86_64
Version: 1.0
Check: R code for possible problems
Result: NOTE
cstar: no visible global function definition for 'vcov'
cstar : utility: no visible global function definition for 'dt'
cstar : maximand: no visible global function definition for 'integrate'
cstar: no visible global function definition for 'uniroot'
cstari : utility: no visible global function definition for 'dt'
cstari : maximand: no visible global function definition for
'integrate'
cstari: no visible global function definition for 'uniroot'
cstarme : utility: no visible global function definition for 'density'
cstarme : maximand: no visible global function definition for
'integrate'
cstarme : maximand: no visible global function definition for 'sd'
cstarme: no visible global function definition for 'uniroot'
Undefined global functions or variables:
density dt integrate sd uniroot vcov
Consider adding
importFrom("stats", "density", "dt", "integrate", "sd", "uniroot",
"vcov")
to your NAMESPACE file.
Flavors: r-devel-linux-x86_64-debian-clang, r-devel-linux-x86_64-debian-gcc, r-devel-linux-x86_64-fedora-clang, r-devel-linux-x86_64-fedora-gcc, r-devel-windows-ix86+x86_64, r-patched-linux-x86_64, r-patched-solaris-x86, r-release-linux-x86_64, r-release-windows-ix86+x86_64, r-release-osx-x86_64, r-oldrel-windows-ix86+x86_64, r-oldrel-osx-x86_64