CRAN Package Check Results for Package ctrdata

Last updated on 2019-04-22 01:47:34 CEST.

Flavor Version Tinstall Tcheck Ttotal Status Flags
r-devel-linux-x86_64-debian-clang 0.18 4.52 38.73 43.25 OK
r-devel-linux-x86_64-debian-gcc 0.18 3.68 30.71 34.39 OK
r-devel-linux-x86_64-fedora-clang 0.18 71.62 OK
r-devel-linux-x86_64-fedora-gcc 0.18 72.66 OK
r-devel-windows-ix86+x86_64 0.18 14.00 57.00 71.00 OK
r-patched-linux-x86_64 0.18 3.98 39.51 43.49 OK
r-patched-solaris-x86 0.18 74.40 OK
r-release-linux-x86_64 0.18 3.14 36.16 39.30 OK
r-release-windows-ix86+x86_64 0.18 1.00 5.00 6.00 ERROR
r-release-osx-x86_64 0.18 OK
r-oldrel-windows-ix86+x86_64 0.18 5.00 0.00 5.00 ERROR
r-oldrel-osx-x86_64 0.17.0 ERROR

Check Details

Version: 0.18
Check: whether package can be installed
Result: ERROR
    Installation failed.
Flavors: r-release-windows-ix86+x86_64, r-oldrel-windows-ix86+x86_64

Version: 0.17.0
Check: tests
Result: ERROR
     Running ‘testthat.R’ [3s/7s]
    Running the tests in ‘tests/testthat.R’ failed.
    Last 13 lines of output:
     return(imported)
     })(queryterm = "2010-024264-18", register = "CTGOV", euctrresults = FALSE, annotation.text = "",
     annotation.mode = "append", details = TRUE, parallelretrievals = 10, debug = FALSE,
     collection = "ThisNameSpaceShouldNotExistAnywhereInAMongoDB", uri = "mongodb+srv://7RBnH3BF@cluster0-b9wpw.mongodb.net/dbtemp",
     password = "", verbose = FALSE, queryupdateterm = "")
     7: ctrMongo(collection = collection, uri = uri, password = password, verbose = FALSE)
     8: mongolite::mongo(collection = collection, url = uri, verbose = verbose)
     9: mongo_collection_command_simple(col, "{\"ping\":1}")
    
     ══ testthat results ═══════════════════════════════════════════════════════════
     OK: 15 SKIPPED: 9 FAILED: 1
     1. Error: remote mongo access (@testfunctions.R#115)
    
     Error: testthat unit tests failed
     Execution halted
Flavor: r-oldrel-osx-x86_64