Last updated on 2019-04-22 01:47:35 CEST.
Flavor | Version | Tinstall | Tcheck | Ttotal | Status | Flags |
---|---|---|---|---|---|---|
r-devel-linux-x86_64-debian-clang | 0.0.3 | 2.84 | 29.48 | 32.32 | OK | |
r-devel-linux-x86_64-debian-gcc | 0.0.3 | 1.89 | 24.00 | 25.89 | OK | |
r-devel-linux-x86_64-fedora-clang | 0.0.3 | 39.14 | OK | |||
r-devel-linux-x86_64-fedora-gcc | 0.0.3 | 37.27 | OK | |||
r-devel-windows-ix86+x86_64 | 0.0.3 | 13.00 | 50.00 | 63.00 | OK | |
r-patched-linux-x86_64 | 0.0.3 | 2.96 | 30.03 | 32.99 | OK | |
r-patched-solaris-x86 | 0.0.3 | 56.80 | WARN | |||
r-release-linux-x86_64 | 0.0.3 | 2.11 | 28.56 | 30.67 | OK | |
r-release-windows-ix86+x86_64 | 0.0.3 | 5.00 | 50.00 | 55.00 | OK | |
r-release-osx-x86_64 | 0.0.3 | WARN | ||||
r-oldrel-windows-ix86+x86_64 | 0.0.3 | 5.00 | 71.00 | 76.00 | OK | |
r-oldrel-osx-x86_64 | 0.0.3 | WARN |
Version: 0.0.3
Check: re-building of vignette outputs
Result: WARN
Error(s) in re-building vignettes:
...
--- re-building ‘get_started.Rmd’ using rmarkdown
Warning in engine$weave(file, quiet = quiet, encoding = enc) :
Pandoc (>= 1.12.3) and/or pandoc-citeproc not available. Falling back to R Markdown v1.
Quitting from lines 26-34 (get_started.Rmd)
Error: processing vignette 'get_started.Rmd' failed with diagnostics:
there is no package called 'webshot'
--- failed re-building ‘get_started.Rmd’
SUMMARY: processing the following file failed:
‘get_started.Rmd’
Error: Vignette re-building failed.
Execution halted
Flavor: r-patched-solaris-x86
Version: 0.0.3
Check: re-building of vignette outputs
Result: WARN
Error in re-building vignettes:
...
Warning in engine$weave(file, quiet = quiet, encoding = enc) :
Pandoc (>= 1.12.3) and/or pandoc-citeproc not available. Falling back to R Markdown v1.
Quitting from lines 26-34 (get_started.Rmd)
Error: processing vignette 'get_started.Rmd' failed with diagnostics:
cannot open the connection
Execution halted
Flavors: r-release-osx-x86_64, r-oldrel-osx-x86_64