Last updated on 2019-04-22 01:47:35 CEST.
Flavor | Version | Tinstall | Tcheck | Ttotal | Status | Flags |
---|---|---|---|---|---|---|
r-devel-linux-x86_64-debian-clang | 1.3.0 | 9.61 | 91.22 | 100.83 | OK | |
r-devel-linux-x86_64-debian-gcc | 1.3.0 | 8.33 | 70.99 | 79.32 | OK | |
r-devel-linux-x86_64-fedora-clang | 1.3.0 | 120.32 | OK | |||
r-devel-linux-x86_64-fedora-gcc | 1.3.0 | 116.08 | OK | |||
r-devel-windows-ix86+x86_64 | 1.3.0 | 22.00 | 99.00 | 121.00 | OK | |
r-patched-linux-x86_64 | 1.3.0 | 9.24 | 89.67 | 98.91 | OK | |
r-patched-solaris-x86 | 1.3.0 | 151.60 | OK | |||
r-release-linux-x86_64 | 1.3.0 | 8.26 | 83.29 | 91.55 | OK | |
r-release-windows-ix86+x86_64 | 1.3.0 | 13.00 | 134.00 | 147.00 | OK | |
r-release-osx-x86_64 | 1.3.0 | NOTE | ||||
r-oldrel-windows-ix86+x86_64 | 1.3.0 | 15.00 | 142.00 | 157.00 | OK | |
r-oldrel-osx-x86_64 | 1.3.0 | NOTE |
Version: 1.3.0
Check: dependencies in R code
Result: NOTE
Missing or unexported object: ‘dplyr::group_rows’
Flavors: r-release-osx-x86_64, r-oldrel-osx-x86_64