CRAN Package Check Results for Package designmatch

Last updated on 2019-04-22 01:47:35 CEST.

Flavor Version Tinstall Tcheck Ttotal Status Flags
r-devel-linux-x86_64-debian-clang 0.3.1 4.48 45.27 49.75 NOTE
r-devel-linux-x86_64-debian-gcc 0.3.1 3.78 35.37 39.15 NOTE
r-devel-linux-x86_64-fedora-clang 0.3.1 59.02 NOTE
r-devel-linux-x86_64-fedora-gcc 0.3.1 57.38 NOTE
r-devel-windows-ix86+x86_64 0.3.1 12.00 56.00 68.00 NOTE
r-patched-linux-x86_64 0.3.1 4.53 44.33 48.86 NOTE
r-patched-solaris-x86 0.3.1 99.50 NOTE
r-release-linux-x86_64 0.3.1 4.92 42.34 47.26 NOTE
r-release-windows-ix86+x86_64 0.3.1 8.00 79.00 87.00 NOTE
r-release-osx-x86_64 0.3.1 NOTE
r-oldrel-windows-ix86+x86_64 0.3.1 4.00 74.00 78.00 NOTE
r-oldrel-osx-x86_64 0.3.1 NOTE

Check Details

Version: 0.3.1
Check: package dependencies
Result: NOTE
    Package which this enhances but not available for checking: 'gurobi'
Flavors: r-devel-linux-x86_64-debian-clang, r-devel-linux-x86_64-debian-gcc, r-patched-linux-x86_64, r-release-linux-x86_64

Version: 0.3.1
Check: package dependencies
Result: NOTE
    Packages which this enhances but not available for checking:
     'gurobi', 'Rcplex'
Flavors: r-devel-linux-x86_64-fedora-clang, r-devel-linux-x86_64-fedora-gcc, r-devel-windows-ix86+x86_64

Version: 0.3.1
Check: package dependencies
Result: NOTE
    Packages which this enhances but not available for checking:
     'gurobi', 'Rcplex', 'Rmosek', 'Rsymphony'
Flavor: r-patched-solaris-x86

Version: 0.3.1
Check: package dependencies
Result: NOTE
    Packages which this enhances but not available for checking:
     'gurobi' 'Rcplex'
Flavors: r-release-windows-ix86+x86_64, r-oldrel-windows-ix86+x86_64

Version: 0.3.1
Check: package dependencies
Result: NOTE
    Packages which this enhances but not available for checking:
     ‘gurobi’ ‘Rcplex’ ‘Rmosek’ ‘Rsymphony’
Flavors: r-release-osx-x86_64, r-oldrel-osx-x86_64