CRAN Package Check Results for Package dhh

Last updated on 2019-04-22 01:47:35 CEST.

Flavor Version Tinstall Tcheck Ttotal Status Flags
r-devel-linux-x86_64-debian-clang 0.0.1 1.51 20.19 21.70 OK
r-devel-linux-x86_64-debian-gcc 0.0.1 1.27 16.26 17.53 OK
r-devel-linux-x86_64-fedora-clang 0.0.1 26.49 OK
r-devel-linux-x86_64-fedora-gcc 0.0.1 25.38 OK
r-devel-windows-ix86+x86_64 0.0.1 5.00 36.00 41.00 OK
r-patched-linux-x86_64 0.0.1 1.49 20.06 21.55 OK
r-patched-solaris-x86 0.0.1 40.40 OK
r-release-linux-x86_64 0.0.1 0.86 19.03 19.89 OK
r-release-windows-ix86+x86_64 0.0.1 2.00 48.00 50.00 OK
r-release-osx-x86_64 0.0.1 OK
r-oldrel-osx-x86_64 0.0.1 ERROR

Check Details

Version: 0.0.1
Check: whether package can be installed
Result: ERROR
    Installation failed.
Flavor: r-oldrel-osx-x86_64