CRAN Package Check Results for Package distrom

Last updated on 2019-04-22 01:47:36 CEST.

Flavor Version Tinstall Tcheck Ttotal Status Flags
r-devel-linux-x86_64-debian-clang 1.0 6.71 51.84 58.55 OK
r-devel-linux-x86_64-debian-gcc 1.0 5.79 42.94 48.73 OK
r-devel-linux-x86_64-fedora-clang 1.0 69.27 OK
r-devel-linux-x86_64-fedora-gcc 1.0 67.93 OK
r-devel-windows-ix86+x86_64 1.0 16.00 61.00 77.00 OK
r-patched-linux-x86_64 1.0 7.07 51.57 58.64 OK
r-patched-solaris-x86 1.0 104.10 OK --no-examples
r-release-linux-x86_64 1.0 3.90 51.31 55.21 OK
r-release-windows-ix86+x86_64 1.0 7.00 91.00 98.00 OK
r-release-osx-x86_64 1.0 WARN
r-oldrel-windows-ix86+x86_64 1.0 7.00 87.00 94.00 OK
r-oldrel-osx-x86_64 1.0 OK

Check Details

Version: 1.0
Check: examples
Result: WARN
    Found the following significant warnings:
    
     Warning: 'rBind' is deprecated.
    Deprecated functions may be defunct as soon as of the next release of
    R.
    See ?Deprecated.
Flavor: r-release-osx-x86_64