Last updated on 2019-04-22 01:47:36 CEST.
Flavor | Version | Tinstall | Tcheck | Ttotal | Status | Flags |
---|---|---|---|---|---|---|
r-devel-linux-x86_64-debian-clang | 1.0 | 2.00 | 16.94 | 18.94 | WARN | |
r-devel-linux-x86_64-debian-gcc | 1.0 | 1.58 | 13.49 | 15.07 | WARN | |
r-devel-linux-x86_64-fedora-clang | 1.0 | 22.46 | WARN | |||
r-devel-linux-x86_64-fedora-gcc | 1.0 | 21.29 | WARN | |||
r-devel-windows-ix86+x86_64 | 1.0 | 11.00 | 38.00 | 49.00 | OK | |
r-patched-linux-x86_64 | 1.0 | 1.96 | 16.68 | 18.64 | WARN | |
r-patched-solaris-x86 | 1.0 | 35.60 | OK | |||
r-release-linux-x86_64 | 1.0 | 1.38 | 15.61 | 16.99 | WARN | |
r-release-windows-ix86+x86_64 | 1.0 | 5.00 | 34.00 | 39.00 | OK | |
r-release-osx-x86_64 | 1.0 | OK | ||||
r-oldrel-windows-ix86+x86_64 | 1.0 | 6.00 | 33.00 | 39.00 | OK | |
r-oldrel-osx-x86_64 | 1.0 | OK |
Version: 1.0
Check: whether package can be installed
Result: WARN
Found the following significant warnings:
Warning: '__var_1_mmb.offset' is used uninitialized in this function [-Wuninitialized]
Flavors: r-devel-linux-x86_64-debian-clang, r-devel-linux-x86_64-debian-gcc, r-devel-linux-x86_64-fedora-clang, r-devel-linux-x86_64-fedora-gcc, r-patched-linux-x86_64, r-release-linux-x86_64
Version: 1.0
Check: compiled code
Result: NOTE
File ‘dpglasso/libs/dpglasso.so’:
Found no calls to: ‘R_registerRoutines’, ‘R_useDynamicSymbols’
It is good practice to register native routines and to disable symbol
search.
See ‘Writing portable packages’ in the ‘Writing R Extensions’ manual.
Flavors: r-devel-linux-x86_64-fedora-clang, r-devel-linux-x86_64-fedora-gcc