Last updated on 2019-04-22 01:47:36 CEST.
Flavor | Version | Tinstall | Tcheck | Ttotal | Status | Flags |
---|---|---|---|---|---|---|
r-devel-linux-x86_64-debian-clang | 5.5.2 | 131.11 | 346.90 | 478.01 | NOTE | |
r-devel-linux-x86_64-debian-gcc | 5.5.2 | 108.66 | 258.69 | 367.35 | NOTE | |
r-devel-linux-x86_64-fedora-clang | 5.5.2 | 669.92 | NOTE | |||
r-devel-linux-x86_64-fedora-gcc | 5.5.2 | 642.58 | NOTE | |||
r-devel-windows-ix86+x86_64 | 5.5.2 | 407.00 | 417.00 | 824.00 | NOTE | |
r-patched-linux-x86_64 | 5.5.2 | 125.47 | 333.22 | 458.69 | NOTE | |
r-patched-solaris-x86 | 5.5.2 | 916.70 | NOTE | |||
r-release-linux-x86_64 | 5.5.2 | 121.53 | 324.78 | 446.31 | NOTE | |
r-release-windows-ix86+x86_64 | 5.5.2 | 310.00 | 423.00 | 733.00 | NOTE | |
r-release-osx-x86_64 | 5.5.2 | NOTE | ||||
r-oldrel-windows-ix86+x86_64 | 5.5.2 | 406.00 | 578.00 | 984.00 | NOTE | |
r-oldrel-osx-x86_64 | 5.5.2 | NOTE |
Version: 5.5.2
Check: for GNU extensions in Makefiles
Result: NOTE
GNU make is a SystemRequirements.
Flavors: r-devel-linux-x86_64-debian-clang, r-devel-linux-x86_64-debian-gcc, r-devel-linux-x86_64-fedora-clang, r-devel-linux-x86_64-fedora-gcc, r-devel-windows-ix86+x86_64, r-patched-linux-x86_64, r-patched-solaris-x86, r-release-linux-x86_64, r-release-windows-ix86+x86_64, r-release-osx-x86_64, r-oldrel-windows-ix86+x86_64, r-oldrel-osx-x86_64
Version: 5.5.2
Check: installed package size
Result: NOTE
installed size is 8.6Mb
sub-directories of 1Mb or more:
doc 2.5Mb
libs 4.9Mb
Flavors: r-devel-linux-x86_64-fedora-clang, r-devel-windows-ix86+x86_64, r-release-windows-ix86+x86_64, r-release-osx-x86_64, r-oldrel-windows-ix86+x86_64, r-oldrel-osx-x86_64