CRAN Package Check Results for Package dynfrail

Last updated on 2019-04-22 01:47:36 CEST.

Flavor Version Tinstall Tcheck Ttotal Status Flags
r-devel-linux-x86_64-debian-clang 0.5.2 30.94 226.53 257.47 NOTE
r-devel-linux-x86_64-debian-gcc 0.5.2 27.43 173.44 200.87 NOTE
r-devel-linux-x86_64-fedora-clang 0.5.2 330.57 NOTE
r-devel-linux-x86_64-fedora-gcc 0.5.2 316.14 NOTE
r-devel-windows-ix86+x86_64 0.5.2 83.00 299.00 382.00 OK
r-patched-linux-x86_64 0.5.2 32.71 219.07 251.78 NOTE
r-patched-solaris-x86 0.5.2 480.50 OK
r-release-linux-x86_64 0.5.2 25.06 223.28 248.34 OK
r-release-windows-ix86+x86_64 0.5.2 50.00 372.00 422.00 OK
r-release-osx-x86_64 0.5.2 OK
r-oldrel-windows-ix86+x86_64 0.5.2 68.00 380.00 448.00 OK
r-oldrel-osx-x86_64 0.5.2 OK

Check Details

Version: 0.5.2
Check: use of SHLIB_OPENMP_*FLAGS in Makefiles
Result: NOTE
     src/Makevars: SHLIB_OPENMP_CXXFLAGS is included in PKG_CXXFLAGS but not in PKG_LIBS
     src/Makevars: SHLIB_OPENMP_CFLAGS is included in PKG_LIBS but linking is by C++
     src/Makevars.win: SHLIB_OPENMP_CXXFLAGS is included in PKG_CXXFLAGS but not in PKG_LIBS
     src/Makevars.win: SHLIB_OPENMP_CFLAGS is included in PKG_LIBS but linking is by C++
    Use of these macros is discussed in sect 1.2.1.1 of 'Writing R
    Extensions'. The macros for different languages may differ so the
    matching macro must be used in PKG_CXXFLAGS (etc) and match that used
    in PKG_LIBS (except for Fortran: see the manual).
Flavors: r-devel-linux-x86_64-debian-clang, r-devel-linux-x86_64-debian-gcc, r-devel-linux-x86_64-fedora-clang, r-devel-linux-x86_64-fedora-gcc, r-patched-linux-x86_64