CRAN Package Check Results for Package emstreeR

Last updated on 2019-04-22 01:47:37 CEST.

Flavor Version Tinstall Tcheck Ttotal Status Flags
r-devel-linux-x86_64-debian-clang 2.1.2 32.67 29.27 61.94 OK
r-devel-linux-x86_64-debian-gcc 2.1.2 27.60 24.73 52.33 OK
r-devel-linux-x86_64-fedora-clang 2.1.2 87.35 OK
r-devel-linux-x86_64-fedora-gcc 2.1.2 84.28 OK
r-devel-windows-ix86+x86_64 2.1.2 106.00 58.00 164.00 OK
r-patched-linux-x86_64 2.1.2 33.27 30.27 63.54 OK
r-patched-solaris-x86 2.1.2 98.10 OK
r-release-linux-x86_64 2.1.2 32.34 29.35 61.69 OK
r-release-windows-ix86+x86_64 2.1.2 77.00 79.00 156.00 OK
r-release-osx-x86_64 2.1.2 OK
r-oldrel-osx-x86_64 2.1.2 ERROR

Check Details

Version: 2.1.2
Check: whether package can be installed
Result: ERROR
    Installation failed.
Flavor: r-oldrel-osx-x86_64