CRAN Package Check Results for Package erah

Last updated on 2019-04-22 01:47:37 CEST.

Flavor Version Tinstall Tcheck Ttotal Status Flags
r-devel-linux-x86_64-debian-clang 1.1.0 13.92 88.19 102.11 OK
r-devel-linux-x86_64-debian-gcc 1.1.0 9.92 71.37 81.29 OK
r-devel-linux-x86_64-fedora-clang 1.1.0 118.91 NOTE
r-devel-linux-x86_64-fedora-gcc 1.1.0 117.79 OK
r-devel-windows-ix86+x86_64 1.1.0 33.00 118.00 151.00 OK
r-patched-linux-x86_64 1.1.0 12.74 88.90 101.64 OK
r-patched-solaris-x86 1.1.0 174.90 NOTE
r-release-linux-x86_64 1.1.0 10.08 85.30 95.38 OK
r-release-windows-ix86+x86_64 1.1.0 19.00 162.00 181.00 OK
r-release-osx-x86_64 1.1.0 NOTE
r-oldrel-windows-ix86+x86_64 1.1.0 17.00 161.00 178.00 OK
r-oldrel-osx-x86_64 1.1.0 OK

Check Details

Version: 1.1.0
Check: package dependencies
Result: NOTE
    Package suggested but not available for checking: ‘mzR’
Flavors: r-devel-linux-x86_64-fedora-clang, r-patched-solaris-x86, r-release-osx-x86_64