Last updated on 2019-04-22 01:47:37 CEST.
Flavor | Version | Tinstall | Tcheck | Ttotal | Status | Flags |
---|---|---|---|---|---|---|
r-devel-linux-x86_64-debian-clang | 1.8.10 | 367.79 | 70.57 | 438.36 | OK | |
r-devel-linux-x86_64-debian-gcc | 1.8.10 | 281.77 | 53.66 | 335.43 | OK | |
r-devel-linux-x86_64-fedora-clang | 1.8.10 | 722.96 | NOTE | |||
r-devel-linux-x86_64-fedora-gcc | 1.8.10 | 612.99 | OK | |||
r-devel-windows-ix86+x86_64 | 1.8.10 | 1157.00 | 151.00 | 1308.00 | OK | |
r-patched-linux-x86_64 | 1.8.10 | 340.69 | 68.68 | 409.37 | OK | |
r-patched-solaris-x86 | 1.8.10 | 592.20 | OK | |||
r-release-linux-x86_64 | 1.8.10 | 341.61 | 66.62 | 408.23 | OK | |
r-release-windows-ix86+x86_64 | 1.8.10 | 865.00 | 195.00 | 1060.00 | OK | |
r-release-osx-x86_64 | 1.8.10 | NOTE | ||||
r-oldrel-windows-ix86+x86_64 | 1.8.10 | 835.00 | 185.00 | 1020.00 | OK | |
r-oldrel-osx-x86_64 | 1.8.10 | NOTE |
Version: 1.8.10
Check: installed package size
Result: NOTE
installed size is 13.2Mb
sub-directories of 1Mb or more:
libs 12.8Mb
Flavors: r-devel-linux-x86_64-fedora-clang, r-release-osx-x86_64, r-oldrel-osx-x86_64