Last updated on 2019-04-22 01:47:38 CEST.
Flavor | Version | Tinstall | Tcheck | Ttotal | Status | Flags |
---|---|---|---|---|---|---|
r-devel-linux-x86_64-debian-clang | 0.1.8 | 7.33 | 324.56 | 331.89 | OK | |
r-devel-linux-x86_64-debian-gcc | 0.1.8 | 6.79 | 246.40 | 253.19 | OK | |
r-devel-linux-x86_64-fedora-clang | 0.1.8 | 367.33 | OK | |||
r-devel-linux-x86_64-fedora-gcc | 0.1.8 | 360.49 | OK | |||
r-devel-windows-ix86+x86_64 | 0.1.8 | 21.00 | 305.00 | 326.00 | NOTE | |
r-patched-linux-x86_64 | 0.1.8 | 7.86 | 315.07 | 322.93 | OK | |
r-patched-solaris-x86 | 0.1.8 | 550.00 | OK | |||
r-release-linux-x86_64 | 0.1.8 | 4.85 | 310.62 | 315.47 | OK | |
r-release-windows-ix86+x86_64 | 0.1.8 | 11.00 | 416.00 | 427.00 | NOTE | |
r-release-osx-x86_64 | 0.1.8 | OK | ||||
r-oldrel-windows-ix86+x86_64 | 0.1.8 | 15.00 | 493.00 | 508.00 | NOTE | |
r-oldrel-osx-x86_64 | 0.1.8 | OK |
Version: 0.1.8
Check: package dependencies
Result: NOTE
Package suggested but not available for checking: 'doMC'
Flavors: r-devel-windows-ix86+x86_64, r-release-windows-ix86+x86_64, r-oldrel-windows-ix86+x86_64