Last updated on 2019-04-22 01:47:38 CEST.
Flavor | Version | Tinstall | Tcheck | Ttotal | Status | Flags |
---|---|---|---|---|---|---|
r-devel-linux-x86_64-debian-clang | 3042.79 | 5.98 | 70.20 | 76.18 | OK | |
r-devel-linux-x86_64-debian-gcc | 3042.79 | 4.80 | 51.90 | 56.70 | OK | |
r-devel-linux-x86_64-fedora-clang | 3042.79 | 88.28 | NOTE | |||
r-devel-linux-x86_64-fedora-gcc | 3042.79 | 83.54 | NOTE | |||
r-devel-windows-ix86+x86_64 | 3042.79 | 18.00 | 107.00 | 125.00 | OK | |
r-patched-linux-x86_64 | 3042.79 | 6.28 | 66.23 | 72.51 | OK | |
r-patched-solaris-x86 | 3042.79 | 126.40 | OK | |||
r-release-linux-x86_64 | 3042.79 | 4.78 | 68.50 | 73.28 | OK | |
r-release-windows-ix86+x86_64 | 3042.79 | 11.00 | 153.00 | 164.00 | OK | |
r-release-osx-x86_64 | 3042.79 | OK | ||||
r-oldrel-windows-ix86+x86_64 | 3042.79 | 11.00 | 160.00 | 171.00 | OK | |
r-oldrel-osx-x86_64 | 3042.79 | OK |
Version: 3042.79
Check: compiled code
Result: NOTE
File ‘fNonlinear/libs/fNonlinear.so’:
Found no calls to: ‘R_registerRoutines’, ‘R_useDynamicSymbols’
It is good practice to register native routines and to disable symbol
search.
See ‘Writing portable packages’ in the ‘Writing R Extensions’ manual.
Flavors: r-devel-linux-x86_64-fedora-clang, r-devel-linux-x86_64-fedora-gcc