Last updated on 2019-04-22 01:47:39 CEST.
Flavor | Version | Tinstall | Tcheck | Ttotal | Status | Flags |
---|---|---|---|---|---|---|
r-devel-linux-x86_64-debian-clang | 3042.83 | 20.76 | 130.45 | 151.21 | NOTE | |
r-devel-linux-x86_64-debian-gcc | 3042.83 | 17.51 | 100.24 | 117.75 | NOTE | |
r-devel-linux-x86_64-fedora-clang | 3042.83 | 175.41 | NOTE | |||
r-devel-linux-x86_64-fedora-gcc | 3042.83 | 170.20 | NOTE | |||
r-devel-windows-ix86+x86_64 | 3042.83 | 44.00 | 118.00 | 162.00 | NOTE | |
r-patched-linux-x86_64 | 3042.83 | 23.81 | 130.87 | 154.68 | NOTE | |
r-patched-solaris-x86 | 3042.83 | 239.20 | NOTE | |||
r-release-linux-x86_64 | 3042.83 | 18.39 | 126.10 | 144.49 | NOTE | |
r-release-windows-ix86+x86_64 | 3042.83 | 26.00 | 175.00 | 201.00 | NOTE | |
r-release-osx-x86_64 | 3042.83 | NOTE | ||||
r-oldrel-windows-ix86+x86_64 | 3042.83 | 15.00 | 175.00 | 190.00 | NOTE | |
r-oldrel-osx-x86_64 | 3042.83 | NOTE |
Version: 3042.83
Check: package dependencies
Result: NOTE
Packages suggested but not available for checking:
'Rsocp', 'Rnlminb2', 'Rdonlp2'
Flavors: r-devel-linux-x86_64-debian-clang, r-devel-linux-x86_64-debian-gcc, r-devel-linux-x86_64-fedora-clang, r-devel-linux-x86_64-fedora-gcc, r-devel-windows-ix86+x86_64, r-patched-linux-x86_64
Version: 3042.83
Check: package dependencies
Result: NOTE
Packages suggested but not available for checking:
'Rsocp', 'Rnlminb2', 'Rdonlp2', 'Rsymphony'
Flavor: r-patched-solaris-x86
Version: 3042.83
Check: package dependencies
Result: NOTE
Packages suggested but not available for checking:
‘Rsocp’ ‘Rnlminb2’ ‘Rdonlp2’
Flavors: r-release-linux-x86_64, r-release-windows-ix86+x86_64, r-oldrel-windows-ix86+x86_64
Version: 3042.83
Check: package dependencies
Result: NOTE
Packages suggested but not available for checking:
‘Rsocp’ ‘Rnlminb2’ ‘Rdonlp2’ ‘Rsymphony’
Flavors: r-release-osx-x86_64, r-oldrel-osx-x86_64