CRAN Package Check Results for Package fastR

Last updated on 2019-04-22 01:47:38 CEST.

Flavor Version Tinstall Tcheck Ttotal Status Flags
r-devel-linux-x86_64-debian-clang 0.10.3 12.40 115.60 128.00 OK
r-devel-linux-x86_64-debian-gcc 0.10.3 11.65 90.57 102.22 OK
r-devel-linux-x86_64-fedora-clang 0.10.3 149.85 OK
r-devel-linux-x86_64-fedora-gcc 0.10.3 145.72 OK
r-devel-windows-ix86+x86_64 0.10.3 60.00 158.00 218.00 OK
r-patched-linux-x86_64 0.10.3 13.13 112.64 125.77 OK
r-patched-solaris-x86 0.10.3 229.80 OK
r-release-linux-x86_64 0.10.3 7.88 111.61 119.49 OK
r-release-windows-ix86+x86_64 0.10.3 24.00 213.00 237.00 OK
r-release-osx-x86_64 0.10.3 OK
r-oldrel-windows-ix86+x86_64 0.10.3 38.00 206.00 244.00 OK
r-oldrel-osx-x86_64 0.10.3 WARN

Check Details

Version: 0.10.3
Check: re-building of vignette outputs
Result: WARN
    Error in re-building vignettes:
     ...
    
    
    Attaching package: 'fastR'
    
    The following object is masked from 'package:graphics':
    
     panel.smooth
    
    Loading required package: knitr
    Error in texi2dvi(file = file, pdf = TRUE, clean = clean, quiet = quiet, :
     Running 'texi2dvi' on 'Updates.tex' failed.
    LaTeX errors:
    ! LaTeX Error: File `xstring.sty' not found.
    
    Type X to quit or <RETURN> to proceed,
    or enter new name. (Default extension: sty)
    
    ! Emergency stop.
    <read *>
    
    l.62 \usepackage
     {xcolor}^^M
    ! ==> Fatal error occurred, no output PDF file produced!
    Calls: buildVignettes -> texi2pdf -> texi2dvi
    Execution halted
Flavor: r-oldrel-osx-x86_64