CRAN Package Check Results for Package fauxpas

Last updated on 2019-04-22 01:47:38 CEST.

Flavor Version Tinstall Tcheck Ttotal Status Flags
r-devel-linux-x86_64-debian-clang 0.2.0 41.89 32.26 74.15 OK
r-devel-linux-x86_64-debian-gcc 0.2.0 39.08 26.04 65.12 OK
r-devel-linux-x86_64-fedora-clang 0.2.0 101.73 NOTE
r-devel-linux-x86_64-fedora-gcc 0.2.0 98.62 NOTE
r-devel-windows-ix86+x86_64 0.2.0 74.00 50.00 124.00 OK
r-patched-linux-x86_64 0.2.0 44.50 32.01 76.51 OK
r-patched-solaris-x86 0.2.0 126.10 NOTE
r-release-linux-x86_64 0.2.0 39.71 30.84 70.55 OK
r-release-windows-ix86+x86_64 0.2.0 53.00 65.00 118.00 OK
r-release-osx-x86_64 0.2.0 NOTE
r-oldrel-windows-ix86+x86_64 0.2.0 4.00 61.00 65.00 OK
r-oldrel-osx-x86_64 0.2.0 NOTE

Check Details

Version: 0.2.0
Check: dependencies in R code
Result: NOTE
    Namespace in Imports field not imported from: ‘whisker’
     All declared Imports should be used.
Flavors: r-devel-linux-x86_64-fedora-clang, r-devel-linux-x86_64-fedora-gcc, r-patched-solaris-x86, r-release-osx-x86_64, r-oldrel-osx-x86_64