CRAN Package Check Results for Package fdaPDE

Last updated on 2019-04-22 01:47:38 CEST.

Flavor Version Tinstall Tcheck Ttotal Status Flags
r-devel-linux-x86_64-debian-clang 0.1-4 68.21 63.50 131.71 OK
r-devel-linux-x86_64-debian-gcc 0.1-4 70.65 50.33 120.98 OK
r-devel-linux-x86_64-fedora-clang 0.1-4 182.54 NOTE
r-devel-linux-x86_64-fedora-gcc 0.1-4 184.64 NOTE
r-devel-windows-ix86+x86_64 0.1-4 183.00 238.00 421.00 OK
r-patched-linux-x86_64 0.1-4 79.63 65.69 145.32 OK
r-patched-solaris-x86 0.1-4 193.80 OK
r-release-linux-x86_64 0.1-4 74.74 62.88 137.62 OK
r-release-windows-ix86+x86_64 0.1-4 137.00 296.00 433.00 OK
r-release-osx-x86_64 0.1-4 NOTE
r-oldrel-windows-ix86+x86_64 0.1-4 169.00 288.00 457.00 OK
r-oldrel-osx-x86_64 0.1-4 NOTE

Check Details

Version: 0.1-4
Check: installed package size
Result: NOTE
     installed size is 21.9Mb
     sub-directories of 1Mb or more:
     libs 21.6Mb
Flavors: r-devel-linux-x86_64-fedora-clang, r-release-osx-x86_64, r-oldrel-osx-x86_64

Version: 0.1-4
Check: compiled code
Result: NOTE
    File ‘fdaPDE/libs/fdaPDE.so’:
     Found no calls to: ‘R_registerRoutines’, ‘R_useDynamicSymbols’
    
    It is good practice to register native routines and to disable symbol
    search.
    
    See ‘Writing portable packages’ in the ‘Writing R Extensions’ manual.
Flavors: r-devel-linux-x86_64-fedora-clang, r-devel-linux-x86_64-fedora-gcc