Last updated on 2019-04-22 01:47:38 CEST.
Flavor | Version | Tinstall | Tcheck | Ttotal | Status | Flags |
---|---|---|---|---|---|---|
r-devel-linux-x86_64-debian-clang | 1.0.0 | 9.14 | 164.29 | 173.43 | OK | |
r-devel-linux-x86_64-debian-gcc | 1.0.0 | 6.69 | 124.62 | 131.31 | OK | |
r-devel-linux-x86_64-fedora-clang | 1.0.0 | 202.96 | NOTE | |||
r-devel-linux-x86_64-fedora-gcc | 1.0.0 | 194.25 | NOTE | |||
r-devel-windows-ix86+x86_64 | 1.0.0 | 22.00 | 211.00 | 233.00 | OK | |
r-patched-linux-x86_64 | 1.0.0 | 10.32 | 157.07 | 167.39 | OK | |
r-patched-solaris-x86 | 1.0.0 | 282.80 | NOTE | |||
r-release-linux-x86_64 | 1.0.0 | 7.56 | 141.20 | 148.76 | OK | |
r-release-windows-ix86+x86_64 | 1.0.0 | 13.00 | 195.00 | 208.00 | OK | |
r-release-osx-x86_64 | 1.0.0 | NOTE | ||||
r-oldrel-windows-ix86+x86_64 | 1.0.0 | 12.00 | 207.00 | 219.00 | OK |
Version: 1.0.0
Check: dependencies in R code
Result: NOTE
Namespace in Imports field not imported from: ‘numDeriv’
All declared Imports should be used.
Flavors: r-devel-linux-x86_64-fedora-clang, r-devel-linux-x86_64-fedora-gcc, r-patched-solaris-x86, r-release-osx-x86_64