CRAN Package Check Results for Package fivethirtyeight

Last updated on 2019-04-22 01:47:38 CEST.

Flavor Version Tinstall Tcheck Ttotal Status Flags
r-devel-linux-x86_64-debian-clang 0.4.0 10.28 57.57 67.85 OK
r-devel-linux-x86_64-debian-gcc 0.4.0 8.49 45.38 53.87 OK
r-devel-linux-x86_64-fedora-clang 0.4.0 91.90 NOTE
r-devel-linux-x86_64-fedora-gcc 0.4.0 NOTE
r-devel-windows-ix86+x86_64 0.4.0 23.00 82.00 105.00 NOTE
r-patched-linux-x86_64 0.4.0 9.73 56.06 65.79 OK
r-patched-solaris-x86 0.4.0 113.80 NOTE
r-release-linux-x86_64 0.4.0 9.29 52.16 61.45 OK
r-release-windows-ix86+x86_64 0.4.0 15.00 103.00 118.00 NOTE
r-release-osx-x86_64 0.4.0 NOTE
r-oldrel-windows-ix86+x86_64 0.4.0 17.00 113.00 130.00 WARN
r-oldrel-osx-x86_64 0.4.0 NOTE

Check Details

Version: 0.4.0
Check: installed package size
Result: NOTE
     installed size is 6.3Mb
     sub-directories of 1Mb or more:
     data 5.3Mb
Flavors: r-devel-linux-x86_64-fedora-clang, r-devel-windows-ix86+x86_64, r-patched-solaris-x86, r-release-windows-ix86+x86_64, r-release-osx-x86_64, r-oldrel-windows-ix86+x86_64, r-oldrel-osx-x86_64

Version: 0.4.0
Check: data for non-ASCII characters
Result: NOTE
     Note: found 1616 marked UTF-8 strings
Flavors: r-devel-linux-x86_64-fedora-clang, r-devel-linux-x86_64-fedora-gcc, r-patched-solaris-x86, r-release-osx-x86_64, r-oldrel-osx-x86_64

Version: 0.4.0
Check: for unstated dependencies in examples
Result: WARN
    Warning in parse(file = files, n = -1L) :
     invalid input found on input connection 'fivethirtyeight-Ex.R'
Flavor: r-oldrel-windows-ix86+x86_64