CRAN Package Check Results for Package gRapfa

Last updated on 2019-04-22 01:47:40 CEST.

Flavor Version Tinstall Tcheck Ttotal Status Flags
r-devel-linux-x86_64-debian-clang 1.0 2.62 28.88 31.50 NOTE
r-devel-linux-x86_64-debian-gcc 1.0 2.35 22.97 25.32 NOTE
r-devel-linux-x86_64-fedora-clang 1.0 36.84 NOTE
r-devel-linux-x86_64-fedora-gcc 1.0 35.09 NOTE
r-devel-windows-ix86+x86_64 1.0 9.00 40.00 49.00 NOTE
r-patched-linux-x86_64 1.0 2.72 28.22 30.94 NOTE
r-patched-solaris-x86 1.0 59.20 NOTE
r-release-linux-x86_64 1.0 1.80 26.59 28.39 NOTE
r-release-windows-ix86+x86_64 1.0 3.00 57.00 60.00 NOTE
r-release-osx-x86_64 1.0 NOTE
r-oldrel-windows-ix86+x86_64 1.0 5.00 53.00 58.00 NOTE
r-oldrel-osx-x86_64 1.0 NOTE

Check Details

Version: 1.0
Check: R code for possible problems
Result: NOTE
    KL: no visible global function definition for 'complete.cases'
    MergeNodes: no visible global function definition for 'colors'
    cross.validate: no visible global function definition for 'runif'
    fit.APFA: no visible global function definition for 'complete.cases'
    fit.APFA: no visible global function definition for 'aggregate'
    select.beagle: no visible global function definition for 'write.table'
    select.beagle: no visible global function definition for 'aggregate'
    select.beagle: no visible global function definition for 'colors'
    simulateAPFA: no visible global function definition for 'runif'
    st: no visible global function definition for 'colors'
    Undefined global functions or variables:
     aggregate colors complete.cases runif write.table
    Consider adding
     importFrom("grDevices", "colors")
     importFrom("stats", "aggregate", "complete.cases", "runif")
     importFrom("utils", "write.table")
    to your NAMESPACE file.
Flavors: r-devel-linux-x86_64-debian-clang, r-devel-linux-x86_64-debian-gcc, r-devel-linux-x86_64-fedora-clang, r-devel-linux-x86_64-fedora-gcc, r-devel-windows-ix86+x86_64, r-patched-linux-x86_64, r-patched-solaris-x86, r-release-linux-x86_64, r-release-windows-ix86+x86_64, r-release-osx-x86_64, r-oldrel-windows-ix86+x86_64, r-oldrel-osx-x86_64