Last updated on 2019-04-22 01:47:39 CEST.
Flavor | Version | Tinstall | Tcheck | Ttotal | Status | Flags |
---|---|---|---|---|---|---|
r-devel-linux-x86_64-debian-clang | 1.1-22 | 19.43 | 97.16 | 116.59 | OK | |
r-devel-linux-x86_64-debian-gcc | 1.1-22 | 14.75 | 73.74 | 88.49 | WARN | |
r-devel-linux-x86_64-fedora-clang | 1.1-22 | 134.28 | OK | |||
r-devel-linux-x86_64-fedora-gcc | 1.1-22 | 128.88 | WARN | |||
r-devel-windows-ix86+x86_64 | 1.1-22 | 63.00 | 126.00 | 189.00 | OK | |
r-patched-linux-x86_64 | 1.1-22 | 16.96 | 95.26 | 112.22 | WARN | |
r-patched-solaris-x86 | 1.1-22 | 177.60 | OK | |||
r-release-linux-x86_64 | 1.1-22 | 16.50 | 92.13 | 108.63 | WARN | |
r-release-windows-ix86+x86_64 | 1.1-22 | 86.00 | 150.00 | 236.00 | OK | |
r-release-osx-x86_64 | 1.1-22 | OK | ||||
r-oldrel-windows-ix86+x86_64 | 1.1-22 | 37.00 | 156.00 | 193.00 | OK | |
r-oldrel-osx-x86_64 | 1.1-22 | OK |
Version: 1.1-22
Check: whether package can be installed
Result: WARN
Found the following significant warnings:
hap_c.c:380:28: warning: ā%03dā directive writing between 3 and 10 bytes into a region of size between 0 and 127 [-Wformat-overflow=]
hap_c.c:392:28: warning: ā%03dā directive writing between 3 and 10 bytes into a region of size between 0 and 127 [-Wformat-overflow=]
Flavors: r-devel-linux-x86_64-debian-gcc, r-devel-linux-x86_64-fedora-gcc, r-patched-linux-x86_64, r-release-linux-x86_64