CRAN Package Check Results for Package geneNetBP

Last updated on 2019-04-22 01:47:39 CEST.

Flavor Version Tinstall Tcheck Ttotal Status Flags
r-devel-linux-x86_64-debian-clang 2.0.1 9.71 100.28 109.99 NOTE
r-devel-linux-x86_64-debian-gcc 2.0.1 9.27 79.55 88.82 NOTE
r-devel-linux-x86_64-fedora-clang 2.0.1 131.02 NOTE
r-devel-linux-x86_64-fedora-gcc 2.0.1 128.20 NOTE
r-devel-windows-ix86+x86_64 2.0.1 29.00 141.00 170.00 NOTE
r-patched-linux-x86_64 2.0.1 11.48 99.45 110.93 NOTE
r-patched-solaris-x86 2.0.1 198.70 NOTE
r-release-linux-x86_64 2.0.1 6.19 95.78 101.97 NOTE
r-release-windows-ix86+x86_64 2.0.1 13.00 185.00 198.00 NOTE
r-release-osx-x86_64 2.0.1 NOTE
r-oldrel-windows-ix86+x86_64 2.0.1 13.00 180.00 193.00 NOTE
r-oldrel-osx-x86_64 2.0.1 NOTE

Check Details

Version: 2.0.1
Check: package dependencies
Result: NOTE
    Package suggested but not available for checking: 'RHugin'
Flavors: r-devel-linux-x86_64-debian-clang, r-devel-linux-x86_64-debian-gcc, r-devel-linux-x86_64-fedora-clang, r-devel-linux-x86_64-fedora-gcc, r-devel-windows-ix86+x86_64, r-patched-linux-x86_64, r-patched-solaris-x86, r-release-linux-x86_64, r-release-windows-ix86+x86_64, r-release-osx-x86_64, r-oldrel-windows-ix86+x86_64, r-oldrel-osx-x86_64

Version: 2.0.1
Check: R code for possible problems
Result: NOTE
    fit.dbn: no visible global function definition for 'as'
    Undefined global functions or variables:
     as
    Consider adding
     importFrom("methods", "as")
    to your NAMESPACE file (and ensure that your DESCRIPTION Imports field
    contains 'methods').
Flavors: r-devel-linux-x86_64-debian-clang, r-devel-linux-x86_64-debian-gcc, r-devel-linux-x86_64-fedora-clang, r-devel-linux-x86_64-fedora-gcc, r-devel-windows-ix86+x86_64, r-patched-linux-x86_64, r-patched-solaris-x86, r-release-linux-x86_64, r-release-windows-ix86+x86_64, r-release-osx-x86_64, r-oldrel-windows-ix86+x86_64, r-oldrel-osx-x86_64