Last updated on 2019-04-22 01:47:39 CEST.
Flavor | Version | Tinstall | Tcheck | Ttotal | Status | Flags |
---|---|---|---|---|---|---|
r-devel-linux-x86_64-debian-clang | 1.3.3 | 2.88 | 28.34 | 31.22 | OK | |
r-devel-linux-x86_64-debian-gcc | 1.3.3 | 2.19 | 22.66 | 24.85 | OK | |
r-devel-linux-x86_64-fedora-clang | 1.3.3 | 36.67 | OK | |||
r-devel-linux-x86_64-fedora-gcc | 1.3.3 | 35.46 | OK | |||
r-devel-windows-ix86+x86_64 | 1.3.3 | 7.00 | 45.00 | 52.00 | OK | |
r-patched-linux-x86_64 | 1.3.3 | 2.62 | 27.99 | 30.61 | OK | |
r-patched-solaris-x86 | 1.3.3 | 55.90 | OK | |||
r-release-linux-x86_64 | 1.3.3 | 2.01 | 27.05 | 29.06 | NOTE | |
r-release-windows-ix86+x86_64 | 1.3.3 | 3.00 | 55.00 | 58.00 | OK | |
r-release-osx-x86_64 | 1.3.3 | OK | ||||
r-oldrel-windows-ix86+x86_64 | 1.3.3 | 4.00 | 59.00 | 63.00 | OK | |
r-oldrel-osx-x86_64 | 1.3.3 | OK |
Version: 1.3.3
Check: DESCRIPTION meta-information
Result: NOTE
Dependence on R version ‘3.3.1’ not with patchlevel 0
Flavor: r-release-linux-x86_64