Last updated on 2019-04-22 01:47:39 CEST.
Flavor | Version | Tinstall | Tcheck | Ttotal | Status | Flags |
---|---|---|---|---|---|---|
r-devel-linux-x86_64-debian-clang | 0.2.0 | 8.11 | 63.05 | 71.16 | OK | |
r-devel-linux-x86_64-debian-gcc | 0.2.0 | 6.01 | 49.95 | 55.96 | OK | |
r-devel-linux-x86_64-fedora-clang | 0.2.0 | 84.60 | OK | |||
r-devel-linux-x86_64-fedora-gcc | 0.2.0 | 81.85 | OK | |||
r-devel-windows-ix86+x86_64 | 0.2.0 | 29.00 | 79.00 | 108.00 | OK | |
r-patched-linux-x86_64 | 0.2.0 | 7.72 | 63.22 | 70.94 | OK | |
r-patched-solaris-x86 | 0.2.0 | 125.70 | OK | |||
r-release-linux-x86_64 | 0.2.0 | 4.69 | 59.65 | 64.34 | OK | |
r-release-windows-ix86+x86_64 | 0.2.0 | 9.00 | 108.00 | 117.00 | OK | |
r-release-osx-x86_64 | 0.2.0 | WARN | ||||
r-oldrel-windows-ix86+x86_64 | 0.2.0 | 14.00 | 120.00 | 134.00 | OK | |
r-oldrel-osx-x86_64 | 0.2.0 | WARN |
Version: 0.2.0
Check: whether package can be installed
Result: WARN
Found the following significant warnings:
Warning: 'rgl_init' failed, running with rgl.useNULL = TRUE
Flavors: r-release-osx-x86_64, r-oldrel-osx-x86_64