CRAN Package Check Results for Package ggasym

Last updated on 2019-04-22 01:47:40 CEST.

Flavor Version Tinstall Tcheck Ttotal Status Flags
r-devel-linux-x86_64-debian-clang 0.1.1 3.78 50.01 53.79 OK
r-devel-linux-x86_64-debian-gcc 0.1.1 3.86 38.38 42.24 OK
r-devel-linux-x86_64-fedora-clang 0.1.1 63.67 OK
r-devel-linux-x86_64-fedora-gcc 0.1.1 60.42 OK
r-devel-windows-ix86+x86_64 0.1.1 16.00 64.00 80.00 OK
r-patched-linux-x86_64 0.1.1 4.36 48.40 52.76 OK
r-patched-solaris-x86 0.1.1 98.00 OK
r-release-linux-x86_64 0.1.1 3.46 47.31 50.77 OK
r-release-windows-ix86+x86_64 0.1.1 6.00 96.00 102.00 OK
r-release-osx-x86_64 0.1.1 OK
r-oldrel-osx-x86_64 0.1.1 ERROR

Check Details

Version: 0.1.1
Check: package dependencies
Result: ERROR
    Package required and available but unsuitable version: ‘broom’
    
    See section ‘The DESCRIPTION file’ in the ‘Writing R Extensions’
    manual.
Flavor: r-oldrel-osx-x86_64