CRAN Package Check Results for Package ggedit

Last updated on 2019-04-22 01:47:40 CEST.

Flavor Version Tinstall Tcheck Ttotal Status Flags
r-devel-linux-x86_64-debian-clang 0.3.0 8.25 63.68 71.93 OK
r-devel-linux-x86_64-debian-gcc 0.3.0 7.26 49.09 56.35 OK
r-devel-linux-x86_64-fedora-clang 0.3.0 83.73 NOTE
r-devel-linux-x86_64-fedora-gcc 0.3.0 83.16 NOTE
r-devel-windows-ix86+x86_64 0.3.0 27.00 77.00 104.00 OK
r-patched-linux-x86_64 0.3.0 7.20 64.29 71.49 OK
r-patched-solaris-x86 0.3.0 118.00 NOTE
r-release-linux-x86_64 0.3.0 5.72 61.78 67.50 OK
r-release-windows-ix86+x86_64 0.3.0 12.00 78.00 90.00 OK
r-release-osx-x86_64 0.3.0 NOTE
r-oldrel-windows-ix86+x86_64 0.3.0 17.00 122.00 139.00 OK
r-oldrel-osx-x86_64 0.3.0 NOTE

Check Details

Version: 0.3.0
Check: dependencies in R code
Result: NOTE
    Namespace in Imports field not imported from: ‘magrittr’
     All declared Imports should be used.
Flavors: r-devel-linux-x86_64-fedora-clang, r-devel-linux-x86_64-fedora-gcc, r-patched-solaris-x86, r-release-osx-x86_64, r-oldrel-osx-x86_64