CRAN Package Check Results for Package ggformula

Last updated on 2019-04-22 01:47:40 CEST.

Flavor Version Tinstall Tcheck Ttotal Status Flags
r-devel-linux-x86_64-debian-clang 0.9.1 17.71 296.89 314.60 OK
r-devel-linux-x86_64-debian-gcc 0.9.1 14.51 219.45 233.96 OK
r-devel-linux-x86_64-fedora-clang 0.9.1 355.11 NOTE
r-devel-linux-x86_64-fedora-gcc 0.9.1 342.99 NOTE
r-devel-windows-ix86+x86_64 0.9.1 34.00 313.00 347.00 OK
r-patched-linux-x86_64 0.9.1 17.81 282.00 299.81 OK
r-patched-solaris-x86 0.9.1 499.70 NOTE
r-release-linux-x86_64 0.9.1 14.38 287.78 302.16 OK
r-release-windows-ix86+x86_64 0.9.1 23.00 470.00 493.00 OK
r-release-osx-x86_64 0.9.1 NOTE
r-oldrel-windows-ix86+x86_64 0.9.1 17.00 512.00 529.00 OK
r-oldrel-osx-x86_64 0.9.1 NOTE

Check Details

Version: 0.9.1
Check: installed package size
Result: NOTE
     installed size is 5.0Mb
     sub-directories of 1Mb or more:
     doc 2.7Mb
Flavors: r-devel-linux-x86_64-fedora-clang, r-patched-solaris-x86

Version: 0.9.1
Check: dependencies in R code
Result: NOTE
    Namespace in Imports field not imported from: ‘tidyr’
     All declared Imports should be used.
Flavors: r-devel-linux-x86_64-fedora-clang, r-devel-linux-x86_64-fedora-gcc, r-patched-solaris-x86, r-release-osx-x86_64, r-oldrel-osx-x86_64