Last updated on 2019-04-22 01:47:40 CEST.
Flavor | Version | Tinstall | Tcheck | Ttotal | Status | Flags |
---|---|---|---|---|---|---|
r-devel-linux-x86_64-debian-clang | 0.0.2 | 3.01 | 69.71 | 72.72 | OK | |
r-devel-linux-x86_64-debian-gcc | 0.0.2 | 2.93 | 53.60 | 56.53 | OK | |
r-devel-linux-x86_64-fedora-clang | 0.0.2 | 83.16 | NOTE | |||
r-devel-linux-x86_64-fedora-gcc | 0.0.2 | 79.08 | NOTE | |||
r-devel-windows-ix86+x86_64 | 0.0.2 | 13.00 | 81.00 | 94.00 | OK | |
r-patched-linux-x86_64 | 0.0.2 | 3.63 | 66.94 | 70.57 | OK | |
r-patched-solaris-x86 | 0.0.2 | 120.60 | NOTE | |||
r-release-linux-x86_64 | 0.0.2 | 2.19 | 64.69 | 66.88 | OK | |
r-release-windows-ix86+x86_64 | 0.0.2 | 6.00 | 110.00 | 116.00 | OK | |
r-release-osx-x86_64 | 0.0.2 | NOTE | ||||
r-oldrel-windows-ix86+x86_64 | 0.0.2 | 10.00 | 133.00 | 143.00 | OK | |
r-oldrel-osx-x86_64 | 0.0.2 | NOTE |
Version: 0.0.2
Check: dependencies in R code
Result: NOTE
Namespace in Imports field not imported from: ‘tibble’
All declared Imports should be used.
Flavors: r-devel-linux-x86_64-fedora-clang, r-devel-linux-x86_64-fedora-gcc, r-patched-solaris-x86, r-release-osx-x86_64, r-oldrel-osx-x86_64