CRAN Package Check Results for Package ggrasp

Last updated on 2019-04-22 01:47:40 CEST.

Flavor Version Tinstall Tcheck Ttotal Status Flags
r-devel-linux-x86_64-debian-clang 1.0 11.30 78.32 89.62 OK
r-devel-linux-x86_64-debian-gcc 1.0 9.08 61.75 70.83 OK
r-devel-linux-x86_64-fedora-clang 1.0 105.47 NOTE
r-devel-linux-x86_64-fedora-gcc 1.0 100.67 OK
r-devel-windows-ix86+x86_64 1.0 37.00 92.00 129.00 NOTE
r-patched-linux-x86_64 1.0 11.39 76.87 88.26 OK
r-patched-solaris-x86 1.0 160.40 NOTE
r-release-linux-x86_64 1.0 7.64 74.71 82.35 OK
r-release-windows-ix86+x86_64 1.0 20.00 133.00 153.00 NOTE
r-release-osx-x86_64 1.0 NOTE
r-oldrel-windows-ix86+x86_64 1.0 25.00 130.00 155.00 NOTE
r-oldrel-osx-x86_64 1.0 NOTE

Check Details

Version: 1.0
Check: installed package size
Result: NOTE
     installed size is 9.3Mb
     sub-directories of 1Mb or more:
     extdata 9.0Mb
Flavors: r-devel-linux-x86_64-fedora-clang, r-devel-windows-ix86+x86_64, r-patched-solaris-x86, r-release-windows-ix86+x86_64, r-release-osx-x86_64, r-oldrel-windows-ix86+x86_64, r-oldrel-osx-x86_64