Last updated on 2019-04-22 01:47:40 CEST.
Flavor | Version | Tinstall | Tcheck | Ttotal | Status | Flags |
---|---|---|---|---|---|---|
r-devel-linux-x86_64-debian-clang | 0.8.0 | 17.34 | 63.65 | 80.99 | OK | |
r-devel-linux-x86_64-debian-gcc | 0.8.0 | 15.75 | 49.40 | 65.15 | OK | |
r-devel-linux-x86_64-fedora-clang | 0.8.0 | 102.97 | OK | |||
r-devel-linux-x86_64-fedora-gcc | 0.8.0 | 98.85 | OK | |||
r-devel-windows-ix86+x86_64 | 0.8.0 | 49.00 | 109.00 | 158.00 | OK | |
r-patched-linux-x86_64 | 0.8.0 | 18.40 | 61.53 | 79.93 | OK | |
r-patched-solaris-x86 | 0.8.0 | 131.80 | OK | |||
r-release-linux-x86_64 | 0.8.0 | 19.84 | 60.87 | 80.71 | OK | |
r-release-windows-ix86+x86_64 | 0.8.0 | 36.00 | 153.00 | 189.00 | WARN | |
r-release-osx-x86_64 | 0.8.0 | OK | ||||
r-oldrel-windows-ix86+x86_64 | 0.8.0 | 53.00 | 165.00 | 218.00 | OK | |
r-oldrel-osx-x86_64 | 0.8.0 | OK |
Version: 0.8.0
Check: whether package can be installed
Result: WARN
Found the following significant warnings:
Warning: S3 methods '[.fun_list', '[.grouped_df', 'all.equal.tbl_df', 'anti_join.data.frame', 'anti_join.tbl_df', 'arrange.data.frame', 'arrange.default', 'arrange.grouped_df', 'arrange.tbl_df', 'arrange_.data.frame', 'arrange_.tbl_df', 'as.data.frame.grouped_df', 'as.data.frame.rowwise_df', 'as.data.frame.tbl_cube', 'as.table.tbl_cube', 'as.tbl.data.frame', 'as.tbl.tbl', 'as.tbl_cube.array', 'as.tbl_cube.data.frame', 'as.tbl_cube.matrix', 'as.tbl_cube.table', 'as_tibble.grouped_df', 'as_tibble.tbl_cube', 'auto_copy.tbl_cube', 'auto_copy.tbl_df', 'cbind.grouped_df', 'collapse.data.frame', 'collect.data.frame', 'common_by.NULL', 'common_by.character', 'common_by.default', 'common_by.list', 'compute.data.frame', 'copy_to.DBIConnection', 'copy_to.src_local', 'default_missing.data.frame', 'default_missing.default', 'dim.tbl_cube', 'distinct.data.frame', 'distinct.default', 'distinct.grouped_df', 'distinct.tbl_df', 'distinct_.data.frame', 'distinct_.grouped_df', 'distinct_.tbl_df', 'do.NULL', 'do.da [... truncated]
Flavor: r-release-windows-ix86+x86_64