Last updated on 2019-04-22 01:47:40 CEST.
Flavor | Version | Tinstall | Tcheck | Ttotal | Status | Flags |
---|---|---|---|---|---|---|
r-devel-linux-x86_64-debian-clang | 0.3.1 | 5.48 | 68.91 | 74.39 | OK | |
r-devel-linux-x86_64-debian-gcc | 0.3.1 | 4.63 | 53.34 | 57.97 | OK | |
r-devel-linux-x86_64-fedora-clang | 0.3.1 | 85.79 | OK | |||
r-devel-linux-x86_64-fedora-gcc | 0.3.1 | 81.89 | OK | |||
r-devel-windows-ix86+x86_64 | 0.3.1 | 16.00 | 89.00 | 105.00 | OK | |
r-patched-linux-x86_64 | 0.3.1 | 5.23 | 67.10 | 72.33 | OK | |
r-patched-solaris-x86 | 0.3.1 | 121.30 | OK | |||
r-release-linux-x86_64 | 0.3.1 | 4.85 | 66.84 | 71.69 | OK | |
r-release-windows-ix86+x86_64 | 0.3.1 | 8.00 | 132.00 | 140.00 | WARN | |
r-release-osx-x86_64 | 0.3.1 | OK | ||||
r-oldrel-windows-ix86+x86_64 | 0.3.1 | 10.00 | 138.00 | 148.00 | WARN | |
r-oldrel-osx-x86_64 | 0.3.1 | OK |
Version: 0.3.1
Check: whether package can be installed
Result: WARN
Found the following significant warnings:
Warning: S3 methods '[.fun_list', '[.grouped_df', 'all.equal.tbl_df', 'anti_join.data.frame', 'anti_join.tbl_df', 'arrange.data.frame', 'arrange.default', 'arrange.grouped_df', 'arrange.tbl_df', 'arrange_.data.frame', 'arrange_.tbl_df', 'as.data.frame.grouped_df', 'as.data.frame.rowwise_df', 'as.data.frame.tbl_cube', 'as.table.tbl_cube', 'as.tbl.data.frame', 'as.tbl.tbl', 'as.tbl_cube.array', 'as.tbl_cube.data.frame', 'as.tbl_cube.matrix', 'as.tbl_cube.table', 'as_tibble.grouped_df', 'as_tibble.tbl_cube', 'auto_copy.tbl_cube', 'auto_copy.tbl_df', 'cbind.grouped_df', 'collapse.data.frame', 'collect.data.frame', 'common_by.NULL', 'common_by.character', 'common_by.default', 'common_by.list', 'compute.data.frame', 'copy_to.DBIConnection', 'copy_to.src_local', 'default_missing.data.frame', 'default_missing.default', 'dim.tbl_cube', 'distinct.data.frame', 'distinct.default', 'distinct.grouped_df', 'distinct.tbl_df', 'distinct_.data.frame', 'distinct_.grouped_df', 'distinct_.tbl_df', 'do.NULL', 'do.da [... truncated]
Flavors: r-release-windows-ix86+x86_64, r-oldrel-windows-ix86+x86_64