Last updated on 2019-04-22 01:47:40 CEST.
Flavor | Version | Tinstall | Tcheck | Ttotal | Status | Flags |
---|---|---|---|---|---|---|
r-devel-linux-x86_64-debian-clang | 1.1.3 | 99.59 | 117.32 | 216.91 | OK | |
r-devel-linux-x86_64-debian-gcc | 1.1.3 | 83.36 | 93.03 | 176.39 | OK | |
r-devel-linux-x86_64-fedora-clang | 1.1.3 | 303.52 | NOTE | |||
r-devel-linux-x86_64-fedora-gcc | 1.1.3 | 276.27 | OK | |||
r-devel-windows-ix86+x86_64 | 1.1.3 | 198.00 | 196.00 | 394.00 | NOTE | |
r-patched-linux-x86_64 | 1.1.3 | 92.31 | 120.29 | 212.60 | OK | |
r-patched-solaris-x86 | 1.1.3 | 323.50 | OK | |||
r-release-linux-x86_64 | 1.1.3 | 92.67 | 118.50 | 211.17 | OK | |
r-release-windows-ix86+x86_64 | 1.1.3 | 137.00 | 181.00 | 318.00 | NOTE | |
r-release-osx-x86_64 | 1.1.3 | NOTE | ||||
r-oldrel-windows-ix86+x86_64 | 1.1.3 | 173.00 | 247.00 | 420.00 | NOTE | |
r-oldrel-osx-x86_64 | 1.1.2 | NOTE |
Version: 1.1.3
Check: installed package size
Result: NOTE
installed size is 26.4Mb
sub-directories of 1Mb or more:
libs 26.0Mb
Flavors: r-devel-linux-x86_64-fedora-clang, r-devel-windows-ix86+x86_64, r-release-windows-ix86+x86_64, r-release-osx-x86_64, r-oldrel-windows-ix86+x86_64
Version: 1.1.2
Check: installed package size
Result: NOTE
installed size is 39.5Mb
sub-directories of 1Mb or more:
libs 39.4Mb
Flavor: r-oldrel-osx-x86_64