Last updated on 2019-04-22 01:47:40 CEST.
Flavor | Version | Tinstall | Tcheck | Ttotal | Status | Flags |
---|---|---|---|---|---|---|
r-devel-linux-x86_64-debian-clang | 0.1 | 1.59 | 16.94 | 18.53 | NOTE | |
r-devel-linux-x86_64-debian-gcc | 0.1 | 1.26 | 13.78 | 15.04 | NOTE | |
r-devel-linux-x86_64-fedora-clang | 0.1 | 22.05 | NOTE | |||
r-devel-linux-x86_64-fedora-gcc | 0.1 | 20.99 | NOTE | |||
r-devel-windows-ix86+x86_64 | 0.1 | 5.00 | 31.00 | 36.00 | NOTE | |
r-patched-linux-x86_64 | 0.1 | 1.58 | 17.14 | 18.72 | NOTE | |
r-patched-solaris-x86 | 0.1 | 38.50 | NOTE | |||
r-release-linux-x86_64 | 0.1 | 0.88 | 15.69 | 16.57 | NOTE | |
r-release-windows-ix86+x86_64 | 0.1 | 2.00 | 30.00 | 32.00 | NOTE | |
r-release-osx-x86_64 | 0.1 | NOTE | ||||
r-oldrel-windows-ix86+x86_64 | 0.1 | 2.00 | 38.00 | 40.00 | NOTE | |
r-oldrel-osx-x86_64 | 0.1 | NOTE |
Version: 0.1
Check: DESCRIPTION meta-information
Result: NOTE
Malformed Description field: should contain one or more complete sentences.
Flavors: r-devel-linux-x86_64-debian-clang, r-devel-linux-x86_64-debian-gcc, r-devel-linux-x86_64-fedora-clang, r-devel-linux-x86_64-fedora-gcc, r-devel-windows-ix86+x86_64, r-patched-linux-x86_64, r-patched-solaris-x86, r-release-linux-x86_64, r-release-windows-ix86+x86_64, r-release-osx-x86_64, r-oldrel-windows-ix86+x86_64, r-oldrel-osx-x86_64