Last updated on 2019-04-22 01:47:41 CEST.
Flavor | Version | Tinstall | Tcheck | Ttotal | Status | Flags |
---|---|---|---|---|---|---|
r-devel-linux-x86_64-debian-clang | 1.0.7 | 2.45 | 32.26 | 34.71 | OK | |
r-devel-linux-x86_64-debian-gcc | 1.0.7 | 2.04 | 25.84 | 27.88 | OK | |
r-devel-linux-x86_64-fedora-clang | 1.0.7 | 44.08 | NOTE | |||
r-devel-linux-x86_64-fedora-gcc | 1.0.7 | 42.37 | NOTE | |||
r-devel-windows-ix86+x86_64 | 1.0.7 | 9.00 | 49.00 | 58.00 | OK | |
r-patched-linux-x86_64 | 1.0.7 | 2.46 | 32.58 | 35.04 | OK | |
r-patched-solaris-x86 | 1.0.7 | 65.90 | NOTE | |||
r-release-linux-x86_64 | 1.0.7 | 1.79 | 31.12 | 32.91 | OK | |
r-release-windows-ix86+x86_64 | 1.0.7 | 3.00 | 52.00 | 55.00 | OK | |
r-release-osx-x86_64 | 1.0.7 | NOTE | ||||
r-oldrel-windows-ix86+x86_64 | 1.0.7 | 4.00 | 75.00 | 79.00 | OK | |
r-oldrel-osx-x86_64 | 1.0.7 | NOTE |
Version: 1.0.7
Check: dependencies in R code
Result: NOTE
Namespaces in Imports field not imported from:
‘knitr’ ‘rmarkdown’
All declared Imports should be used.
Flavors: r-devel-linux-x86_64-fedora-clang, r-devel-linux-x86_64-fedora-gcc, r-patched-solaris-x86, r-release-osx-x86_64, r-oldrel-osx-x86_64