Last updated on 2019-04-22 01:47:42 CEST.
Flavor | Version | Tinstall | Tcheck | Ttotal | Status | Flags |
---|---|---|---|---|---|---|
r-devel-linux-x86_64-debian-clang | 1.0 | 1.81 | 21.06 | 22.87 | NOTE | |
r-devel-linux-x86_64-debian-gcc | 1.0 | 1.44 | 17.10 | 18.54 | NOTE | |
r-devel-linux-x86_64-fedora-clang | 1.0 | 27.46 | NOTE | |||
r-devel-linux-x86_64-fedora-gcc | 1.0 | 26.09 | NOTE | |||
r-devel-windows-ix86+x86_64 | 1.0 | 5.00 | 36.00 | 41.00 | NOTE | |
r-patched-linux-x86_64 | 1.0 | 1.72 | 21.02 | 22.74 | NOTE | |
r-patched-solaris-x86 | 1.0 | 44.40 | NOTE | |||
r-release-linux-x86_64 | 1.0 | 0.96 | 19.89 | 20.85 | NOTE | |
r-release-windows-ix86+x86_64 | 1.0 | 3.00 | 49.00 | 52.00 | NOTE | |
r-release-osx-x86_64 | 1.0 | NOTE | ||||
r-oldrel-windows-ix86+x86_64 | 1.0 | 3.00 | 41.00 | 44.00 | NOTE | |
r-oldrel-osx-x86_64 | 1.0 | NOTE |
Version: 1.0
Check: dependencies in R code
Result: NOTE
Package in Depends field not imported from: 'testthat'
These packages need to be imported from (in the NAMESPACE file)
for when this namespace is loaded but not attached.
Flavors: r-devel-linux-x86_64-debian-clang, r-devel-linux-x86_64-debian-gcc, r-devel-linux-x86_64-fedora-clang, r-devel-linux-x86_64-fedora-gcc, r-devel-windows-ix86+x86_64, r-patched-linux-x86_64, r-patched-solaris-x86, r-release-linux-x86_64, r-release-windows-ix86+x86_64, r-release-osx-x86_64, r-oldrel-windows-ix86+x86_64, r-oldrel-osx-x86_64