Last updated on 2019-04-22 01:47:42 CEST.
Flavor | Version | Tinstall | Tcheck | Ttotal | Status | Flags |
---|---|---|---|---|---|---|
r-devel-linux-x86_64-debian-clang | 0.6.4 | 20.58 | 27.57 | 48.15 | NOTE | |
r-devel-linux-x86_64-debian-gcc | 0.6.4 | 18.62 | 22.51 | 41.13 | NOTE | |
r-devel-linux-x86_64-fedora-clang | 0.6.4 | 70.51 | NOTE | |||
r-devel-linux-x86_64-fedora-gcc | 0.6.4 | 66.94 | NOTE | |||
r-devel-windows-ix86+x86_64 | 0.6.4 | 64.00 | 59.00 | 123.00 | NOTE | |
r-patched-linux-x86_64 | 0.6.4 | 22.22 | 27.71 | 49.93 | NOTE | |
r-patched-solaris-x86 | 0.6.4 | 82.00 | NOTE | |||
r-release-linux-x86_64 | 0.6.4 | 19.77 | 26.29 | 46.06 | NOTE | |
r-release-windows-ix86+x86_64 | 0.6.4 | 44.00 | 87.00 | 131.00 | NOTE | |
r-release-osx-x86_64 | 0.6.4 | NOTE | ||||
r-oldrel-windows-ix86+x86_64 | 0.6.4 | 58.00 | 82.00 | 140.00 | NOTE | |
r-oldrel-osx-x86_64 | 0.6.4 | NOTE |
Version: 0.6.4
Check: dependencies in R code
Result: NOTE
There are ::: calls to the package's namespace in its code. A package
almost never needs to use ::: for its own objects:
'count_compare'
Flavors: r-devel-linux-x86_64-debian-clang, r-devel-linux-x86_64-debian-gcc, r-devel-windows-ix86+x86_64, r-patched-linux-x86_64, r-release-linux-x86_64, r-release-windows-ix86+x86_64, r-oldrel-windows-ix86+x86_64
Version: 0.6.4
Check: dependencies in R code
Result: NOTE
Namespace in Imports field not imported from: ‘DBI’
All declared Imports should be used.
There are ::: calls to the package's namespace in its code. A package
almost never needs to use ::: for its own objects:
‘count_compare’
Flavors: r-devel-linux-x86_64-fedora-clang, r-devel-linux-x86_64-fedora-gcc, r-patched-solaris-x86, r-release-osx-x86_64, r-oldrel-osx-x86_64
Version: 0.6.4
Check: compiled code
Result: NOTE
File ‘imputeMulti/libs/imputeMulti.so’:
Found no calls to: ‘R_registerRoutines’, ‘R_useDynamicSymbols’
It is good practice to register native routines and to disable symbol
search.
See ‘Writing portable packages’ in the ‘Writing R Extensions’ manual.
Flavors: r-devel-linux-x86_64-fedora-clang, r-devel-linux-x86_64-fedora-gcc