CRAN Package Check Results for Package infer

Last updated on 2019-04-22 01:47:42 CEST.

Flavor Version Tinstall Tcheck Ttotal Status Flags
r-devel-linux-x86_64-debian-clang 0.4.0 5.73 194.80 200.53 ERROR
r-devel-linux-x86_64-debian-gcc 0.4.0 5.01 153.97 158.98 ERROR
r-devel-linux-x86_64-fedora-clang 0.4.0 228.18 ERROR
r-devel-linux-x86_64-fedora-gcc 0.4.0 235.23 ERROR
r-devel-windows-ix86+x86_64 0.4.0 14.00 209.00 223.00 ERROR
r-patched-linux-x86_64 0.4.0 5.83 187.08 192.91 ERROR
r-patched-solaris-x86 0.4.0 329.00 ERROR
r-release-linux-x86_64 0.4.0 4.49 178.09 182.58 OK
r-release-windows-ix86+x86_64 0.4.0 8.00 335.00 343.00 OK
r-release-osx-x86_64 0.4.0 OK
r-oldrel-windows-ix86+x86_64 0.4.0 13.00 413.00 426.00 OK
r-oldrel-osx-x86_64 0.4.0 OK

Additional issues

noLD

Check Details

Version: 0.4.0
Check: tests
Result: ERROR
     Running 'testthat.R' [12s/13s]
    Running the tests in 'tests/testthat.R' failed.
    Complete output:
     > library(testthat)
     > library(infer)
     >
     > test_check("infer")
     Setting `type = "permute"` in `generate()`.
     -- 1. Failure: conf_int argument works (@test-wrappers.R#141) -----------------
     no_var_equal == var_equal isn't false.
    
     -- 2. Failure: conf_int argument works (@test-wrappers.R#153) -----------------
     shortcut_no_var_equal == shortcut_var_equal isn't false.
    
     == testthat results ===========================================================
     OK: 347 SKIPPED: 0 FAILED: 2
     1. Failure: conf_int argument works (@test-wrappers.R#141)
     2. Failure: conf_int argument works (@test-wrappers.R#153)
    
     Error: testthat unit tests failed
     Execution halted
Flavor: r-devel-linux-x86_64-debian-clang

Version: 0.4.0
Check: tests
Result: ERROR
     Running ‘testthat.R’ [9s/12s]
    Running the tests in ‘tests/testthat.R’ failed.
    Complete output:
     > library(testthat)
     > library(infer)
     >
     > test_check("infer")
     Setting `type = "permute"` in `generate()`.
     ── 1. Failure: conf_int argument works (@test-wrappers.R#141) ─────────────────
     no_var_equal == var_equal isn't false.
    
     ── 2. Failure: conf_int argument works (@test-wrappers.R#153) ─────────────────
     shortcut_no_var_equal == shortcut_var_equal isn't false.
    
     ══ testthat results ═══════════════════════════════════════════════════════════
     OK: 347 SKIPPED: 0 FAILED: 2
     1. Failure: conf_int argument works (@test-wrappers.R#141)
     2. Failure: conf_int argument works (@test-wrappers.R#153)
    
     Error: testthat unit tests failed
     Execution halted
Flavor: r-devel-linux-x86_64-debian-gcc

Version: 0.4.0
Check: tests
Result: ERROR
     Running ‘testthat.R’ [14s/15s]
    Running the tests in ‘tests/testthat.R’ failed.
    Complete output:
     > library(testthat)
     > library(infer)
     >
     > test_check("infer")
     Setting `type = "permute"` in `generate()`.
     ── 1. Failure: conf_int argument works (@test-wrappers.R#141) ─────────────────
     no_var_equal == var_equal isn't false.
    
     ── 2. Failure: conf_int argument works (@test-wrappers.R#153) ─────────────────
     shortcut_no_var_equal == shortcut_var_equal isn't false.
    
     ══ testthat results ═══════════════════════════════════════════════════════════
     OK: 347 SKIPPED: 0 FAILED: 2
     1. Failure: conf_int argument works (@test-wrappers.R#141)
     2. Failure: conf_int argument works (@test-wrappers.R#153)
    
     Error: testthat unit tests failed
     Execution halted
Flavor: r-devel-linux-x86_64-fedora-clang

Version: 0.4.0
Check: tests
Result: ERROR
     Running ‘testthat.R’ [14s/27s]
    Running the tests in ‘tests/testthat.R’ failed.
    Complete output:
     > library(testthat)
     > library(infer)
     >
     > test_check("infer")
     Setting `type = "permute"` in `generate()`.
     ── 1. Failure: conf_int argument works (@test-wrappers.R#141) ─────────────────
     no_var_equal == var_equal isn't false.
    
     ── 2. Failure: conf_int argument works (@test-wrappers.R#153) ─────────────────
     shortcut_no_var_equal == shortcut_var_equal isn't false.
    
     ══ testthat results ═══════════════════════════════════════════════════════════
     OK: 347 SKIPPED: 0 FAILED: 2
     1. Failure: conf_int argument works (@test-wrappers.R#141)
     2. Failure: conf_int argument works (@test-wrappers.R#153)
    
     Error: testthat unit tests failed
     Execution halted
Flavor: r-devel-linux-x86_64-fedora-gcc

Version: 0.4.0
Check: tests
Result: ERROR
     Running 'testthat.R' [11s]
    Running the tests in 'tests/testthat.R' failed.
    Complete output:
     > library(testthat)
     > library(infer)
     >
     > test_check("infer")
     Setting `type = "permute"` in `generate()`.
     -- 1. Failure: conf_int argument works (@test-wrappers.R#141) -----------------
     no_var_equal == var_equal isn't false.
    
     -- 2. Failure: conf_int argument works (@test-wrappers.R#153) -----------------
     shortcut_no_var_equal == shortcut_var_equal isn't false.
    
     == testthat results ===========================================================
     OK: 347 SKIPPED: 0 FAILED: 2
     1. Failure: conf_int argument works (@test-wrappers.R#141)
     2. Failure: conf_int argument works (@test-wrappers.R#153)
    
     Error: testthat unit tests failed
     Execution halted
Flavor: r-devel-windows-ix86+x86_64

Version: 0.4.0
Check: tests
Result: ERROR
     Running ‘testthat.R’ [12s/13s]
    Running the tests in ‘tests/testthat.R’ failed.
    Complete output:
     > library(testthat)
     > library(infer)
     >
     > test_check("infer")
     Setting `type = "permute"` in `generate()`.
     ── 1. Failure: conf_int argument works (@test-wrappers.R#141) ─────────────────
     no_var_equal == var_equal isn't false.
    
     ── 2. Failure: conf_int argument works (@test-wrappers.R#153) ─────────────────
     shortcut_no_var_equal == shortcut_var_equal isn't false.
    
     ══ testthat results ═══════════════════════════════════════════════════════════
     OK: 347 SKIPPED: 0 FAILED: 2
     1. Failure: conf_int argument works (@test-wrappers.R#141)
     2. Failure: conf_int argument works (@test-wrappers.R#153)
    
     Error: testthat unit tests failed
     Execution halted
Flavor: r-patched-linux-x86_64

Version: 0.4.0
Check: tests
Result: ERROR
     Running ‘testthat.R’ [19s/27s]
    Running the tests in ‘tests/testthat.R’ failed.
    Complete output:
     > library(testthat)
     > library(infer)
     >
     > test_check("infer")
     Setting `type = "permute"` in `generate()`.
     ── 1. Failure: conf_int argument works (@test-wrappers.R#141) ─────────────────
     no_var_equal == var_equal isn't false.
    
     ── 2. Failure: conf_int argument works (@test-wrappers.R#153) ─────────────────
     shortcut_no_var_equal == shortcut_var_equal isn't false.
    
     ══ testthat results ═══════════════════════════════════════════════════════════
     OK: 347 SKIPPED: 0 FAILED: 2
     1. Failure: conf_int argument works (@test-wrappers.R#141)
     2. Failure: conf_int argument works (@test-wrappers.R#153)
    
     Error: testthat unit tests failed
     Execution halted
Flavor: r-patched-solaris-x86