CRAN Package Check Results for Package interp

Last updated on 2019-04-22 01:47:43 CEST.

Flavor Version Tinstall Tcheck Ttotal Status Flags
r-devel-linux-x86_64-debian-clang 1.0-31 91.51 32.58 124.09 OK
r-devel-linux-x86_64-debian-gcc 1.0-31 87.03 28.19 115.22 OK
r-devel-linux-x86_64-fedora-clang 1.0-31 199.03 NOTE
r-devel-linux-x86_64-fedora-gcc 1.0-31 199.11 OK
r-devel-windows-ix86+x86_64 1.0-31 195.00 77.00 272.00 OK
r-patched-linux-x86_64 1.0-31 101.59 35.32 136.91 OK
r-patched-solaris-x86 1.0-31 171.30 OK
r-release-linux-x86_64 1.0-31 105.33 34.12 139.45 OK
r-release-windows-ix86+x86_64 1.0-31 150.00 96.00 246.00 OK
r-release-osx-x86_64 1.0-31 NOTE
r-oldrel-windows-ix86+x86_64 1.0-31 158.00 100.00 258.00 OK
r-oldrel-osx-x86_64 1.0-31 NOTE

Check Details

Version: 1.0-31
Check: installed package size
Result: NOTE
     installed size is 26.3Mb
     sub-directories of 1Mb or more:
     libs 26.0Mb
Flavors: r-devel-linux-x86_64-fedora-clang, r-release-osx-x86_64, r-oldrel-osx-x86_64